{"id":154,"date":"2025-10-02T12:49:51","date_gmt":"2025-10-02T12:49:51","guid":{"rendered":"https:\/\/www.palosdegolfpersonalizados.com\/?post_type=product&#038;p=154"},"modified":"2025-11-13T13:10:14","modified_gmt":"2025-11-13T13:10:14","slug":"set-de-golf-s1-full-ladies-graphite-skymax","status":"publish","type":"product","link":"https:\/\/www.palosdegolfpersonalizados.com\/?product=set-de-golf-s1-full-ladies-graphite-skymax","title":{"rendered":"Set S1 Full Ladies Graphite Skymax"},"content":{"rendered":"<p>Descubre el futuro del golf con el <strong>Set S1 Full Ladies Graphite Skymax<\/strong>. Con este nuevo set 2021 modificado del popular set de golf IX-5, Skymax supera a la mayor\u00eda de los sets para principiantes del mercado tanto en caracter\u00edsticas como en nivel de acabado. Los palos han desarrollado caracter\u00edsticas que se ajustan perfectamente a las necesidades de los golfistas principiantes e intermedios. Todos los tipos de palos est\u00e1n dise\u00f1ados para ser lo m\u00e1s tolerantes posible. Por esta raz\u00f3n, si no golpeas la pelota hasta el centro del palo, seguir\u00e1 manteniendo razonablemente su direcci\u00f3n y longitud previstas. Esto se debe a que el peso en la cabeza del driver, la madera de calle y el h\u00edbrido est\u00e1 colocado bajo y muy atr\u00e1s. Los hierros tienen un enorme punto dulce o cabezas de palo &#8220;sobredimensionadas&#8221; y el centro de gravedad se ha mantenido lo m\u00e1s bajo posible para facilitar el levantamiento de la bola.<\/p>\n<p>Composici\u00f3n:<\/p>\n<ul>\n<li>Conductor &#8211; 460cc &#8211; desv\u00e1n 10.5<\/li>\n<li>Madera de calle 3 &#8211; Loft 15<\/li>\n<li>Palo h\u00edbrido 4 &#8211; 22\u00b0 de loft<\/li>\n<li>Hierros 5,6,7,8,9<\/li>\n<li>Pitching wedge (PW) y Sand wedge (SW) Putter de hoja en dise\u00f1o cl\u00e1sico con eje de acero, 35 pulgadas<\/li>\n<li>3 cubiertas de cabeza (driver, madera de calle, palo h\u00edbrido)<\/li>\n<\/ul>\n","protected":false},"excerpt":{"rendered":"<p>Descubre el Sky Max S1 Full Set Men acero diestro, el set de golf perfecto para hombres que quieren mejorar su juego. Este completo set ofrece palos de acero de alta calidad que garantizan m\u00e1xima distancia, precisi\u00f3n y control.<\/p>\n<p><img decoding=\"async\" class=\"alignnone size-medium wp-image-1442\" src=\"https:\/\/www.palosdegolfpersonalizados.com\/wp-content\/uploads\/2025\/10\/Ventajas-Golf-300x49.png\" alt=\"\" width=\"300\" height=\"49\" srcset=\"https:\/\/www.palosdegolfpersonalizados.com\/wp-content\/uploads\/2025\/10\/Ventajas-Golf-300x49.png 300w, https:\/\/www.palosdegolfpersonalizados.com\/wp-content\/uploads\/2025\/10\/Ventajas-Golf-1024x167.png 1024w, https:\/\/www.palosdegolfpersonalizados.com\/wp-content\/uploads\/2025\/10\/Ventajas-Golf-768x125.png 768w, https:\/\/www.palosdegolfpersonalizados.com\/wp-content\/uploads\/2025\/10\/Ventajas-Golf-1536x251.png 1536w, https:\/\/www.palosdegolfpersonalizados.com\/wp-content\/uploads\/2025\/10\/Ventajas-Golf-2048x335.png 2048w, https:\/\/www.palosdegolfpersonalizados.com\/wp-content\/uploads\/2025\/10\/Ventajas-Golf-600x98.png 600w\" sizes=\"(max-width: 300px) 100vw, 300px\" \/><\/p>\n<p><img fetchpriority=\"high\" decoding=\"async\" class=\"alignnone size-medium wp-image-1441\" src=\"https:\/\/www.palosdegolfpersonalizados.com\/wp-content\/uploads\/2025\/10\/Etiqueta-nueva-min-3-1-300x200.png\" alt=\"\" width=\"300\" height=\"200\" \/><\/p>\n","protected":false},"featured_media":148,"comment_status":"closed","ping_status":"closed","template":"","meta":{"_joinchat":[]},"product_brand":[],"product_cat":[35,42],"product_tag":[103],"class_list":{"0":"post-154","1":"product","2":"type-product","3":"status-publish","4":"has-post-thumbnail","6":"product_cat-palos-de-golf-mujer","7":"product_cat-sets-golf-mujer","8":"product_tag-skymax-golf","10":"first","11":"instock","12":"shipping-taxable","13":"purchasable","14":"product-type-simple"},"yoast_head":"<!-- This site is optimized with the Yoast SEO plugin v27.2 - https:\/\/yoast.com\/product\/yoast-seo-wordpress\/ -->\n<title>Set S1 Full Ladies Graphite Skymax - Palos de Golf Personalizados<\/title>\n<meta name=\"description\" content=\"Set S1 Full Ladies Skymax de grafito. Set ideal si quieres encontrar rendimiento, ligereza y control para mujeres golfistas.\" \/>\n<meta name=\"robots\" content=\"index, follow, max-snippet:-1, max-image-preview:large, max-video-preview:-1\" \/>\n<link rel=\"canonical\" href=\"https:\/\/www.palosdegolfpersonalizados.com\/?product=set-de-golf-s1-full-ladies-graphite-skymax\" \/>\n<meta property=\"og:locale\" content=\"en_US\" \/>\n<meta property=\"og:type\" content=\"article\" \/>\n<meta property=\"og:title\" content=\"Set S1 Full Ladies Graphite Skymax - Palos de Golf Personalizados\" \/>\n<meta property=\"og:description\" content=\"Set S1 Full Ladies Skymax de grafito. Set ideal si quieres encontrar rendimiento, ligereza y control para mujeres golfistas.\" \/>\n<meta property=\"og:url\" content=\"https:\/\/www.palosdegolfpersonalizados.com\/?product=set-de-golf-s1-full-ladies-graphite-skymax\" \/>\n<meta property=\"og:site_name\" content=\"Palos de Golf Personalizados\" \/>\n<meta property=\"article:modified_time\" content=\"2025-11-13T13:10:14+00:00\" \/>\n<meta property=\"og:image\" content=\"https:\/\/www.palosdegolfpersonalizados.com\/wp-content\/uploads\/2025\/10\/sx1540040_2.jpg\" \/>\n\t<meta property=\"og:image:width\" content=\"1800\" \/>\n\t<meta property=\"og:image:height\" content=\"1800\" \/>\n\t<meta property=\"og:image:type\" content=\"image\/jpeg\" \/>\n<meta name=\"twitter:card\" content=\"summary_large_image\" \/>\n<meta name=\"twitter:label1\" content=\"Est. reading time\" \/>\n\t<meta name=\"twitter:data1\" content=\"2 minutes\" \/>\n<script type=\"application\/ld+json\" class=\"yoast-schema-graph\">{\"@context\":\"https:\/\/schema.org\",\"@graph\":[{\"@type\":\"WebPage\",\"@id\":\"https:\/\/www.palosdegolfpersonalizados.com\/?product=set-de-golf-s1-full-ladies-graphite-skymax\",\"url\":\"https:\/\/www.palosdegolfpersonalizados.com\/?product=set-de-golf-s1-full-ladies-graphite-skymax\",\"name\":\"Set S1 Full Ladies Graphite Skymax - Palos de Golf Personalizados\",\"isPartOf\":{\"@id\":\"https:\/\/www.palosdegolfpersonalizados.com\/#website\"},\"primaryImageOfPage\":{\"@id\":\"https:\/\/www.palosdegolfpersonalizados.com\/?product=set-de-golf-s1-full-ladies-graphite-skymax#primaryimage\"},\"image\":{\"@id\":\"https:\/\/www.palosdegolfpersonalizados.com\/?product=set-de-golf-s1-full-ladies-graphite-skymax#primaryimage\"},\"thumbnailUrl\":\"https:\/\/www.palosdegolfpersonalizados.com\/wp-content\/uploads\/2025\/10\/sx1540040_2.jpg\",\"datePublished\":\"2025-10-02T12:49:51+00:00\",\"dateModified\":\"2025-11-13T13:10:14+00:00\",\"description\":\"Set S1 Full Ladies Skymax de grafito. Set ideal si quieres encontrar rendimiento, ligereza y control para mujeres golfistas.\",\"breadcrumb\":{\"@id\":\"https:\/\/www.palosdegolfpersonalizados.com\/?product=set-de-golf-s1-full-ladies-graphite-skymax#breadcrumb\"},\"inLanguage\":\"en-US\",\"potentialAction\":[{\"@type\":\"ReadAction\",\"target\":[\"https:\/\/www.palosdegolfpersonalizados.com\/?product=set-de-golf-s1-full-ladies-graphite-skymax\"]}]},{\"@type\":\"ImageObject\",\"inLanguage\":\"en-US\",\"@id\":\"https:\/\/www.palosdegolfpersonalizados.com\/?product=set-de-golf-s1-full-ladies-graphite-skymax#primaryimage\",\"url\":\"https:\/\/www.palosdegolfpersonalizados.com\/wp-content\/uploads\/2025\/10\/sx1540040_2.jpg\",\"contentUrl\":\"https:\/\/www.palosdegolfpersonalizados.com\/wp-content\/uploads\/2025\/10\/sx1540040_2.jpg\",\"width\":1800,\"height\":1800,\"caption\":\"Set S1 Ladies Skymax con varillas de grafito.\"},{\"@type\":\"BreadcrumbList\",\"@id\":\"https:\/\/www.palosdegolfpersonalizados.com\/?product=set-de-golf-s1-full-ladies-graphite-skymax#breadcrumb\",\"itemListElement\":[{\"@type\":\"ListItem\",\"position\":1,\"name\":\"Portada\",\"item\":\"https:\/\/www.palosdegolfpersonalizados.com\/\"},{\"@type\":\"ListItem\",\"position\":2,\"name\":\"Tienda de Golf\",\"item\":\"https:\/\/www.palosdegolfpersonalizados.com\/?page_id=8\"},{\"@type\":\"ListItem\",\"position\":3,\"name\":\"Set S1 Full Ladies Graphite Skymax\"}]},{\"@type\":\"WebSite\",\"@id\":\"https:\/\/www.palosdegolfpersonalizados.com\/#website\",\"url\":\"https:\/\/www.palosdegolfpersonalizados.com\/\",\"name\":\"Palos de Golf Personalizados\",\"description\":\"Palos de Golf Personalizados\",\"publisher\":{\"@id\":\"https:\/\/www.palosdegolfpersonalizados.com\/#organization\"},\"potentialAction\":[{\"@type\":\"SearchAction\",\"target\":{\"@type\":\"EntryPoint\",\"urlTemplate\":\"https:\/\/www.palosdegolfpersonalizados.com\/?s={search_term_string}\"},\"query-input\":{\"@type\":\"PropertyValueSpecification\",\"valueRequired\":true,\"valueName\":\"search_term_string\"}}],\"inLanguage\":\"en-US\"},{\"@type\":\"Organization\",\"@id\":\"https:\/\/www.palosdegolfpersonalizados.com\/#organization\",\"name\":\"Palos de Golf Personalizados\",\"url\":\"https:\/\/www.palosdegolfpersonalizados.com\/\",\"logo\":{\"@type\":\"ImageObject\",\"inLanguage\":\"en-US\",\"@id\":\"https:\/\/www.palosdegolfpersonalizados.com\/#\/schema\/logo\/image\/\",\"url\":\"https:\/\/www.palosdegolfpersonalizados.com\/wp-content\/uploads\/2025\/10\/Logo-Palos-Personalizados-1.png\",\"contentUrl\":\"https:\/\/www.palosdegolfpersonalizados.com\/wp-content\/uploads\/2025\/10\/Logo-Palos-Personalizados-1.png\",\"width\":443,\"height\":163,\"caption\":\"Palos de Golf Personalizados\"},\"image\":{\"@id\":\"https:\/\/www.palosdegolfpersonalizados.com\/#\/schema\/logo\/image\/\"}}]}<\/script>\n<!-- \/ Yoast SEO plugin. -->","yoast_head_json":{"title":"Set S1 Full Ladies Graphite Skymax - Palos de Golf Personalizados","description":"Set S1 Full Ladies Skymax de grafito. Set ideal si quieres encontrar rendimiento, ligereza y control para mujeres golfistas.","robots":{"index":"index","follow":"follow","max-snippet":"max-snippet:-1","max-image-preview":"max-image-preview:large","max-video-preview":"max-video-preview:-1"},"canonical":"https:\/\/www.palosdegolfpersonalizados.com\/?product=set-de-golf-s1-full-ladies-graphite-skymax","og_locale":"en_US","og_type":"article","og_title":"Set S1 Full Ladies Graphite Skymax - Palos de Golf Personalizados","og_description":"Set S1 Full Ladies Skymax de grafito. Set ideal si quieres encontrar rendimiento, ligereza y control para mujeres golfistas.","og_url":"https:\/\/www.palosdegolfpersonalizados.com\/?product=set-de-golf-s1-full-ladies-graphite-skymax","og_site_name":"Palos de Golf Personalizados","article_modified_time":"2025-11-13T13:10:14+00:00","og_image":[{"width":1800,"height":1800,"url":"https:\/\/www.palosdegolfpersonalizados.com\/wp-content\/uploads\/2025\/10\/sx1540040_2.jpg","type":"image\/jpeg"}],"twitter_card":"summary_large_image","twitter_misc":{"Est. reading time":"2 minutes"},"schema":{"@context":"https:\/\/schema.org","@graph":[{"@type":"WebPage","@id":"https:\/\/www.palosdegolfpersonalizados.com\/?product=set-de-golf-s1-full-ladies-graphite-skymax","url":"https:\/\/www.palosdegolfpersonalizados.com\/?product=set-de-golf-s1-full-ladies-graphite-skymax","name":"Set S1 Full Ladies Graphite Skymax - Palos de Golf Personalizados","isPartOf":{"@id":"https:\/\/www.palosdegolfpersonalizados.com\/#website"},"primaryImageOfPage":{"@id":"https:\/\/www.palosdegolfpersonalizados.com\/?product=set-de-golf-s1-full-ladies-graphite-skymax#primaryimage"},"image":{"@id":"https:\/\/www.palosdegolfpersonalizados.com\/?product=set-de-golf-s1-full-ladies-graphite-skymax#primaryimage"},"thumbnailUrl":"https:\/\/www.palosdegolfpersonalizados.com\/wp-content\/uploads\/2025\/10\/sx1540040_2.jpg","datePublished":"2025-10-02T12:49:51+00:00","dateModified":"2025-11-13T13:10:14+00:00","description":"Set S1 Full Ladies Skymax de grafito. Set ideal si quieres encontrar rendimiento, ligereza y control para mujeres golfistas.","breadcrumb":{"@id":"https:\/\/www.palosdegolfpersonalizados.com\/?product=set-de-golf-s1-full-ladies-graphite-skymax#breadcrumb"},"inLanguage":"en-US","potentialAction":[{"@type":"ReadAction","target":["https:\/\/www.palosdegolfpersonalizados.com\/?product=set-de-golf-s1-full-ladies-graphite-skymax"]}]},{"@type":"ImageObject","inLanguage":"en-US","@id":"https:\/\/www.palosdegolfpersonalizados.com\/?product=set-de-golf-s1-full-ladies-graphite-skymax#primaryimage","url":"https:\/\/www.palosdegolfpersonalizados.com\/wp-content\/uploads\/2025\/10\/sx1540040_2.jpg","contentUrl":"https:\/\/www.palosdegolfpersonalizados.com\/wp-content\/uploads\/2025\/10\/sx1540040_2.jpg","width":1800,"height":1800,"caption":"Set S1 Ladies Skymax con varillas de grafito."},{"@type":"BreadcrumbList","@id":"https:\/\/www.palosdegolfpersonalizados.com\/?product=set-de-golf-s1-full-ladies-graphite-skymax#breadcrumb","itemListElement":[{"@type":"ListItem","position":1,"name":"Portada","item":"https:\/\/www.palosdegolfpersonalizados.com\/"},{"@type":"ListItem","position":2,"name":"Tienda de Golf","item":"https:\/\/www.palosdegolfpersonalizados.com\/?page_id=8"},{"@type":"ListItem","position":3,"name":"Set S1 Full Ladies Graphite Skymax"}]},{"@type":"WebSite","@id":"https:\/\/www.palosdegolfpersonalizados.com\/#website","url":"https:\/\/www.palosdegolfpersonalizados.com\/","name":"Palos de Golf Personalizados","description":"Palos de Golf Personalizados","publisher":{"@id":"https:\/\/www.palosdegolfpersonalizados.com\/#organization"},"potentialAction":[{"@type":"SearchAction","target":{"@type":"EntryPoint","urlTemplate":"https:\/\/www.palosdegolfpersonalizados.com\/?s={search_term_string}"},"query-input":{"@type":"PropertyValueSpecification","valueRequired":true,"valueName":"search_term_string"}}],"inLanguage":"en-US"},{"@type":"Organization","@id":"https:\/\/www.palosdegolfpersonalizados.com\/#organization","name":"Palos de Golf Personalizados","url":"https:\/\/www.palosdegolfpersonalizados.com\/","logo":{"@type":"ImageObject","inLanguage":"en-US","@id":"https:\/\/www.palosdegolfpersonalizados.com\/#\/schema\/logo\/image\/","url":"https:\/\/www.palosdegolfpersonalizados.com\/wp-content\/uploads\/2025\/10\/Logo-Palos-Personalizados-1.png","contentUrl":"https:\/\/www.palosdegolfpersonalizados.com\/wp-content\/uploads\/2025\/10\/Logo-Palos-Personalizados-1.png","width":443,"height":163,"caption":"Palos de Golf Personalizados"},"image":{"@id":"https:\/\/www.palosdegolfpersonalizados.com\/#\/schema\/logo\/image\/"}}]}},"_links":{"self":[{"href":"https:\/\/www.palosdegolfpersonalizados.com\/index.php?rest_route=\/wp\/v2\/product\/154","targetHints":{"allow":["GET"]}}],"collection":[{"href":"https:\/\/www.palosdegolfpersonalizados.com\/index.php?rest_route=\/wp\/v2\/product"}],"about":[{"href":"https:\/\/www.palosdegolfpersonalizados.com\/index.php?rest_route=\/wp\/v2\/types\/product"}],"replies":[{"embeddable":true,"href":"https:\/\/www.palosdegolfpersonalizados.com\/index.php?rest_route=%2Fwp%2Fv2%2Fcomments&post=154"}],"wp:featuredmedia":[{"embeddable":true,"href":"https:\/\/www.palosdegolfpersonalizados.com\/index.php?rest_route=\/wp\/v2\/media\/148"}],"wp:attachment":[{"href":"https:\/\/www.palosdegolfpersonalizados.com\/index.php?rest_route=%2Fwp%2Fv2%2Fmedia&parent=154"}],"wp:term":[{"taxonomy":"product_brand","embeddable":true,"href":"https:\/\/www.palosdegolfpersonalizados.com\/index.php?rest_route=%2Fwp%2Fv2%2Fproduct_brand&post=154"},{"taxonomy":"product_cat","embeddable":true,"href":"https:\/\/www.palosdegolfpersonalizados.com\/index.php?rest_route=%2Fwp%2Fv2%2Fproduct_cat&post=154"},{"taxonomy":"product_tag","embeddable":true,"href":"https:\/\/www.palosdegolfpersonalizados.com\/index.php?rest_route=%2Fwp%2Fv2%2Fproduct_tag&post=154"}],"curies":[{"name":"wp","href":"https:\/\/api.w.org\/{rel}","templated":true}]}}