{"id":331,"date":"2025-10-03T09:47:37","date_gmt":"2025-10-03T09:47:37","guid":{"rendered":"https:\/\/www.palosdegolfpersonalizados.com\/?post_type=product&#038;p=331"},"modified":"2025-11-12T13:41:56","modified_gmt":"2025-11-12T13:41:56","slug":"wedge-pw-ai-green-junior-lynx-8-10-anos","status":"publish","type":"product","link":"https:\/\/www.palosdegolfpersonalizados.com\/?product=wedge-pw-ai-green-junior-lynx-8-10-anos","title":{"rendered":"Wedge PW AI Green Junior 8-10 a\u00f1os (138cm \u2013 145cm) Lynx"},"content":{"rendered":"<p data-start=\"46\" data-end=\"608\">Descubre el futuro del golf junior con nuestros <strong>Junior Ai Wedges<\/strong>\u00a0dise\u00f1ados para brindar precisi\u00f3n y control, ideales para los j\u00f3venes que buscan dominar sus habilidades en el juego corto. Disponibles en lofts de 52\u00b0, 56\u00b0 y 60\u00b0, estos wedges son perfectos para una amplia variedad de golpes alrededor del green. Fabricados en acero inoxidable duradero con un elegante acabado satinado, ofrecen una jugabilidad excelente y gran fiabilidad.<\/p>\n<p data-start=\"610\" data-end=\"1151\" data-is-last-node=\"\" data-is-only-node=\"\">\u2022 <strong data-start=\"612\" data-end=\"649\">Construcci\u00f3n en acero inoxidable:<\/strong> Garantiza durabilidad y una sensaci\u00f3n s\u00f3lida en el impacto.<br data-start=\"709\" data-end=\"712\" \/>\u2022 <strong data-start=\"714\" data-end=\"741\" data-is-only-node=\"\">Acabado satinado suave:<\/strong> Reduce los reflejos y aporta una apariencia elegante y profesional.<br data-start=\"809\" data-end=\"812\" \/>\u2022 <strong data-start=\"814\" data-end=\"850\">Distribuci\u00f3n de peso optimizada:<\/strong> Mejora el equilibrio y control para lograr golpes m\u00e1s precisos.<br data-start=\"914\" data-end=\"917\" \/>\u2022 <strong data-start=\"919\" data-end=\"954\">Dise\u00f1o espec\u00edfico para juniors:<\/strong> Grip y pesos de varilla adaptados a las necesidades de los j\u00f3venes golfistas.<br data-start=\"1032\" data-end=\"1035\" \/>\u2022 <strong data-start=\"1037\" data-end=\"1075\">Disponible para diestros y zurdos:<\/strong> Dise\u00f1ado para todos los golfistas junior, sin importar su mano dominante.<\/p>\n","protected":false},"excerpt":{"rendered":"<p>Perfectos para j\u00f3venes golfistas, los <strong data-start=\"84\" data-end=\"104\">Junior Ai Wedges<\/strong> ofrecen un mayor control y precisi\u00f3n alrededor del green para ayudar a mejorar el juego corto.<\/p>\n<p><img decoding=\"async\" class=\"alignnone size-medium wp-image-1442\" src=\"https:\/\/www.palosdegolfpersonalizados.com\/wp-content\/uploads\/2025\/10\/Ventajas-Golf-300x49.png\" alt=\"\" width=\"300\" height=\"49\" srcset=\"https:\/\/www.palosdegolfpersonalizados.com\/wp-content\/uploads\/2025\/10\/Ventajas-Golf-300x49.png 300w, https:\/\/www.palosdegolfpersonalizados.com\/wp-content\/uploads\/2025\/10\/Ventajas-Golf-1024x167.png 1024w, https:\/\/www.palosdegolfpersonalizados.com\/wp-content\/uploads\/2025\/10\/Ventajas-Golf-768x125.png 768w, https:\/\/www.palosdegolfpersonalizados.com\/wp-content\/uploads\/2025\/10\/Ventajas-Golf-1536x251.png 1536w, https:\/\/www.palosdegolfpersonalizados.com\/wp-content\/uploads\/2025\/10\/Ventajas-Golf-2048x335.png 2048w, https:\/\/www.palosdegolfpersonalizados.com\/wp-content\/uploads\/2025\/10\/Ventajas-Golf-600x98.png 600w\" sizes=\"(max-width: 300px) 100vw, 300px\" \/><\/p>\n<p><img fetchpriority=\"high\" decoding=\"async\" class=\"alignnone size-medium wp-image-1441\" src=\"https:\/\/www.palosdegolfpersonalizados.com\/wp-content\/uploads\/2025\/10\/Etiqueta-nueva-min-3-1-300x200.png\" alt=\"\" width=\"300\" height=\"200\" \/><\/p>\n","protected":false},"featured_media":322,"comment_status":"closed","ping_status":"closed","template":"","meta":{"_joinchat":[]},"product_brand":[],"product_cat":[55,60,59],"product_tag":[104],"class_list":{"0":"post-331","1":"product","2":"type-product","3":"status-publish","4":"has-post-thumbnail","6":"product_cat-palos-de-golf-ninos","7":"product_cat-pitching-wedge-golf-ninos","8":"product_cat-wedge-golf-ninos","9":"product_tag-lynx-golf","11":"first","12":"instock","13":"shipping-taxable","14":"purchasable","15":"product-type-simple"},"yoast_head":"<!-- This site is optimized with the Yoast SEO plugin v27.2 - https:\/\/yoast.com\/product\/yoast-seo-wordpress\/ -->\n<title>Wedge PW AI Green Junior 8-10 a\u00f1os (138cm \u2013 145cm) Lynx - Palos de Golf Personalizados<\/title>\n<meta name=\"description\" content=\"Pitching Wedge Ai Green Lynx: se trata de un palo con un gran control y distancia para j\u00f3venes golfistas. Perfecto para golpes de aproximaci\u00f3n.\" \/>\n<meta name=\"robots\" content=\"index, follow, max-snippet:-1, max-image-preview:large, max-video-preview:-1\" \/>\n<link rel=\"canonical\" href=\"https:\/\/www.palosdegolfpersonalizados.com\/?product=wedge-pw-ai-green-junior-lynx-8-10-anos\" \/>\n<meta property=\"og:locale\" content=\"en_US\" \/>\n<meta property=\"og:type\" content=\"article\" \/>\n<meta property=\"og:title\" content=\"Wedge PW AI Green Junior 8-10 a\u00f1os (138cm \u2013 145cm) Lynx - Palos de Golf Personalizados\" \/>\n<meta property=\"og:description\" content=\"Pitching Wedge Ai Green Lynx: se trata de un palo con un gran control y distancia para j\u00f3venes golfistas. Perfecto para golpes de aproximaci\u00f3n.\" \/>\n<meta property=\"og:url\" content=\"https:\/\/www.palosdegolfpersonalizados.com\/?product=wedge-pw-ai-green-junior-lynx-8-10-anos\" \/>\n<meta property=\"og:site_name\" content=\"Palos de Golf Personalizados\" \/>\n<meta property=\"article:modified_time\" content=\"2025-11-12T13:41:56+00:00\" \/>\n<meta property=\"og:image\" content=\"https:\/\/www.palosdegolfpersonalizados.com\/wp-content\/uploads\/2025\/10\/Junior-Ai-Iron-Green-Shopify_2654da84-3d48-496c-8b2c-c6535e898fce_800x800.webp\" \/>\n\t<meta property=\"og:image:width\" content=\"800\" \/>\n\t<meta property=\"og:image:height\" content=\"800\" \/>\n\t<meta property=\"og:image:type\" content=\"image\/webp\" \/>\n<meta name=\"twitter:card\" content=\"summary_large_image\" \/>\n<meta name=\"twitter:label1\" content=\"Est. reading time\" \/>\n\t<meta name=\"twitter:data1\" content=\"1 minute\" \/>\n<script type=\"application\/ld+json\" class=\"yoast-schema-graph\">{\"@context\":\"https:\/\/schema.org\",\"@graph\":[{\"@type\":\"WebPage\",\"@id\":\"https:\/\/www.palosdegolfpersonalizados.com\/?product=wedge-pw-ai-green-junior-lynx-8-10-anos\",\"url\":\"https:\/\/www.palosdegolfpersonalizados.com\/?product=wedge-pw-ai-green-junior-lynx-8-10-anos\",\"name\":\"Wedge PW AI Green Junior 8-10 a\u00f1os (138cm \u2013 145cm) Lynx - Palos de Golf Personalizados\",\"isPartOf\":{\"@id\":\"https:\/\/www.palosdegolfpersonalizados.com\/#website\"},\"primaryImageOfPage\":{\"@id\":\"https:\/\/www.palosdegolfpersonalizados.com\/?product=wedge-pw-ai-green-junior-lynx-8-10-anos#primaryimage\"},\"image\":{\"@id\":\"https:\/\/www.palosdegolfpersonalizados.com\/?product=wedge-pw-ai-green-junior-lynx-8-10-anos#primaryimage\"},\"thumbnailUrl\":\"https:\/\/www.palosdegolfpersonalizados.com\/wp-content\/uploads\/2025\/10\/Junior-Ai-Iron-Green-Shopify_2654da84-3d48-496c-8b2c-c6535e898fce_800x800.webp\",\"datePublished\":\"2025-10-03T09:47:37+00:00\",\"dateModified\":\"2025-11-12T13:41:56+00:00\",\"description\":\"Pitching Wedge Ai Green Lynx: se trata de un palo con un gran control y distancia para j\u00f3venes golfistas. Perfecto para golpes de aproximaci\u00f3n.\",\"breadcrumb\":{\"@id\":\"https:\/\/www.palosdegolfpersonalizados.com\/?product=wedge-pw-ai-green-junior-lynx-8-10-anos#breadcrumb\"},\"inLanguage\":\"en-US\",\"potentialAction\":[{\"@type\":\"ReadAction\",\"target\":[\"https:\/\/www.palosdegolfpersonalizados.com\/?product=wedge-pw-ai-green-junior-lynx-8-10-anos\"]}]},{\"@type\":\"ImageObject\",\"inLanguage\":\"en-US\",\"@id\":\"https:\/\/www.palosdegolfpersonalizados.com\/?product=wedge-pw-ai-green-junior-lynx-8-10-anos#primaryimage\",\"url\":\"https:\/\/www.palosdegolfpersonalizados.com\/wp-content\/uploads\/2025\/10\/Junior-Ai-Iron-Green-Shopify_2654da84-3d48-496c-8b2c-c6535e898fce_800x800.webp\",\"contentUrl\":\"https:\/\/www.palosdegolfpersonalizados.com\/wp-content\/uploads\/2025\/10\/Junior-Ai-Iron-Green-Shopify_2654da84-3d48-496c-8b2c-c6535e898fce_800x800.webp\",\"width\":800,\"height\":800,\"caption\":\"Wedge PW Ai Green Lynx, control superior para ni\u00f1os golfistas.\"},{\"@type\":\"BreadcrumbList\",\"@id\":\"https:\/\/www.palosdegolfpersonalizados.com\/?product=wedge-pw-ai-green-junior-lynx-8-10-anos#breadcrumb\",\"itemListElement\":[{\"@type\":\"ListItem\",\"position\":1,\"name\":\"Portada\",\"item\":\"https:\/\/www.palosdegolfpersonalizados.com\/\"},{\"@type\":\"ListItem\",\"position\":2,\"name\":\"Tienda de Golf\",\"item\":\"https:\/\/www.palosdegolfpersonalizados.com\/?page_id=8\"},{\"@type\":\"ListItem\",\"position\":3,\"name\":\"Wedge PW AI Green Junior 8-10 a\u00f1os (138cm \u2013 145cm) Lynx\"}]},{\"@type\":\"WebSite\",\"@id\":\"https:\/\/www.palosdegolfpersonalizados.com\/#website\",\"url\":\"https:\/\/www.palosdegolfpersonalizados.com\/\",\"name\":\"Palos de Golf Personalizados\",\"description\":\"Palos de Golf Personalizados\",\"publisher\":{\"@id\":\"https:\/\/www.palosdegolfpersonalizados.com\/#organization\"},\"potentialAction\":[{\"@type\":\"SearchAction\",\"target\":{\"@type\":\"EntryPoint\",\"urlTemplate\":\"https:\/\/www.palosdegolfpersonalizados.com\/?s={search_term_string}\"},\"query-input\":{\"@type\":\"PropertyValueSpecification\",\"valueRequired\":true,\"valueName\":\"search_term_string\"}}],\"inLanguage\":\"en-US\"},{\"@type\":\"Organization\",\"@id\":\"https:\/\/www.palosdegolfpersonalizados.com\/#organization\",\"name\":\"Palos de Golf Personalizados\",\"url\":\"https:\/\/www.palosdegolfpersonalizados.com\/\",\"logo\":{\"@type\":\"ImageObject\",\"inLanguage\":\"en-US\",\"@id\":\"https:\/\/www.palosdegolfpersonalizados.com\/#\/schema\/logo\/image\/\",\"url\":\"https:\/\/www.palosdegolfpersonalizados.com\/wp-content\/uploads\/2025\/10\/Logo-Palos-Personalizados-1.png\",\"contentUrl\":\"https:\/\/www.palosdegolfpersonalizados.com\/wp-content\/uploads\/2025\/10\/Logo-Palos-Personalizados-1.png\",\"width\":443,\"height\":163,\"caption\":\"Palos de Golf Personalizados\"},\"image\":{\"@id\":\"https:\/\/www.palosdegolfpersonalizados.com\/#\/schema\/logo\/image\/\"}}]}<\/script>\n<!-- \/ Yoast SEO plugin. -->","yoast_head_json":{"title":"Wedge PW AI Green Junior 8-10 a\u00f1os (138cm \u2013 145cm) Lynx - Palos de Golf Personalizados","description":"Pitching Wedge Ai Green Lynx: se trata de un palo con un gran control y distancia para j\u00f3venes golfistas. Perfecto para golpes de aproximaci\u00f3n.","robots":{"index":"index","follow":"follow","max-snippet":"max-snippet:-1","max-image-preview":"max-image-preview:large","max-video-preview":"max-video-preview:-1"},"canonical":"https:\/\/www.palosdegolfpersonalizados.com\/?product=wedge-pw-ai-green-junior-lynx-8-10-anos","og_locale":"en_US","og_type":"article","og_title":"Wedge PW AI Green Junior 8-10 a\u00f1os (138cm \u2013 145cm) Lynx - Palos de Golf Personalizados","og_description":"Pitching Wedge Ai Green Lynx: se trata de un palo con un gran control y distancia para j\u00f3venes golfistas. Perfecto para golpes de aproximaci\u00f3n.","og_url":"https:\/\/www.palosdegolfpersonalizados.com\/?product=wedge-pw-ai-green-junior-lynx-8-10-anos","og_site_name":"Palos de Golf Personalizados","article_modified_time":"2025-11-12T13:41:56+00:00","og_image":[{"width":800,"height":800,"url":"https:\/\/www.palosdegolfpersonalizados.com\/wp-content\/uploads\/2025\/10\/Junior-Ai-Iron-Green-Shopify_2654da84-3d48-496c-8b2c-c6535e898fce_800x800.webp","type":"image\/webp"}],"twitter_card":"summary_large_image","twitter_misc":{"Est. reading time":"1 minute"},"schema":{"@context":"https:\/\/schema.org","@graph":[{"@type":"WebPage","@id":"https:\/\/www.palosdegolfpersonalizados.com\/?product=wedge-pw-ai-green-junior-lynx-8-10-anos","url":"https:\/\/www.palosdegolfpersonalizados.com\/?product=wedge-pw-ai-green-junior-lynx-8-10-anos","name":"Wedge PW AI Green Junior 8-10 a\u00f1os (138cm \u2013 145cm) Lynx - Palos de Golf Personalizados","isPartOf":{"@id":"https:\/\/www.palosdegolfpersonalizados.com\/#website"},"primaryImageOfPage":{"@id":"https:\/\/www.palosdegolfpersonalizados.com\/?product=wedge-pw-ai-green-junior-lynx-8-10-anos#primaryimage"},"image":{"@id":"https:\/\/www.palosdegolfpersonalizados.com\/?product=wedge-pw-ai-green-junior-lynx-8-10-anos#primaryimage"},"thumbnailUrl":"https:\/\/www.palosdegolfpersonalizados.com\/wp-content\/uploads\/2025\/10\/Junior-Ai-Iron-Green-Shopify_2654da84-3d48-496c-8b2c-c6535e898fce_800x800.webp","datePublished":"2025-10-03T09:47:37+00:00","dateModified":"2025-11-12T13:41:56+00:00","description":"Pitching Wedge Ai Green Lynx: se trata de un palo con un gran control y distancia para j\u00f3venes golfistas. Perfecto para golpes de aproximaci\u00f3n.","breadcrumb":{"@id":"https:\/\/www.palosdegolfpersonalizados.com\/?product=wedge-pw-ai-green-junior-lynx-8-10-anos#breadcrumb"},"inLanguage":"en-US","potentialAction":[{"@type":"ReadAction","target":["https:\/\/www.palosdegolfpersonalizados.com\/?product=wedge-pw-ai-green-junior-lynx-8-10-anos"]}]},{"@type":"ImageObject","inLanguage":"en-US","@id":"https:\/\/www.palosdegolfpersonalizados.com\/?product=wedge-pw-ai-green-junior-lynx-8-10-anos#primaryimage","url":"https:\/\/www.palosdegolfpersonalizados.com\/wp-content\/uploads\/2025\/10\/Junior-Ai-Iron-Green-Shopify_2654da84-3d48-496c-8b2c-c6535e898fce_800x800.webp","contentUrl":"https:\/\/www.palosdegolfpersonalizados.com\/wp-content\/uploads\/2025\/10\/Junior-Ai-Iron-Green-Shopify_2654da84-3d48-496c-8b2c-c6535e898fce_800x800.webp","width":800,"height":800,"caption":"Wedge PW Ai Green Lynx, control superior para ni\u00f1os golfistas."},{"@type":"BreadcrumbList","@id":"https:\/\/www.palosdegolfpersonalizados.com\/?product=wedge-pw-ai-green-junior-lynx-8-10-anos#breadcrumb","itemListElement":[{"@type":"ListItem","position":1,"name":"Portada","item":"https:\/\/www.palosdegolfpersonalizados.com\/"},{"@type":"ListItem","position":2,"name":"Tienda de Golf","item":"https:\/\/www.palosdegolfpersonalizados.com\/?page_id=8"},{"@type":"ListItem","position":3,"name":"Wedge PW AI Green Junior 8-10 a\u00f1os (138cm \u2013 145cm) Lynx"}]},{"@type":"WebSite","@id":"https:\/\/www.palosdegolfpersonalizados.com\/#website","url":"https:\/\/www.palosdegolfpersonalizados.com\/","name":"Palos de Golf Personalizados","description":"Palos de Golf Personalizados","publisher":{"@id":"https:\/\/www.palosdegolfpersonalizados.com\/#organization"},"potentialAction":[{"@type":"SearchAction","target":{"@type":"EntryPoint","urlTemplate":"https:\/\/www.palosdegolfpersonalizados.com\/?s={search_term_string}"},"query-input":{"@type":"PropertyValueSpecification","valueRequired":true,"valueName":"search_term_string"}}],"inLanguage":"en-US"},{"@type":"Organization","@id":"https:\/\/www.palosdegolfpersonalizados.com\/#organization","name":"Palos de Golf Personalizados","url":"https:\/\/www.palosdegolfpersonalizados.com\/","logo":{"@type":"ImageObject","inLanguage":"en-US","@id":"https:\/\/www.palosdegolfpersonalizados.com\/#\/schema\/logo\/image\/","url":"https:\/\/www.palosdegolfpersonalizados.com\/wp-content\/uploads\/2025\/10\/Logo-Palos-Personalizados-1.png","contentUrl":"https:\/\/www.palosdegolfpersonalizados.com\/wp-content\/uploads\/2025\/10\/Logo-Palos-Personalizados-1.png","width":443,"height":163,"caption":"Palos de Golf Personalizados"},"image":{"@id":"https:\/\/www.palosdegolfpersonalizados.com\/#\/schema\/logo\/image\/"}}]}},"_links":{"self":[{"href":"https:\/\/www.palosdegolfpersonalizados.com\/index.php?rest_route=\/wp\/v2\/product\/331","targetHints":{"allow":["GET"]}}],"collection":[{"href":"https:\/\/www.palosdegolfpersonalizados.com\/index.php?rest_route=\/wp\/v2\/product"}],"about":[{"href":"https:\/\/www.palosdegolfpersonalizados.com\/index.php?rest_route=\/wp\/v2\/types\/product"}],"replies":[{"embeddable":true,"href":"https:\/\/www.palosdegolfpersonalizados.com\/index.php?rest_route=%2Fwp%2Fv2%2Fcomments&post=331"}],"wp:featuredmedia":[{"embeddable":true,"href":"https:\/\/www.palosdegolfpersonalizados.com\/index.php?rest_route=\/wp\/v2\/media\/322"}],"wp:attachment":[{"href":"https:\/\/www.palosdegolfpersonalizados.com\/index.php?rest_route=%2Fwp%2Fv2%2Fmedia&parent=331"}],"wp:term":[{"taxonomy":"product_brand","embeddable":true,"href":"https:\/\/www.palosdegolfpersonalizados.com\/index.php?rest_route=%2Fwp%2Fv2%2Fproduct_brand&post=331"},{"taxonomy":"product_cat","embeddable":true,"href":"https:\/\/www.palosdegolfpersonalizados.com\/index.php?rest_route=%2Fwp%2Fv2%2Fproduct_cat&post=331"},{"taxonomy":"product_tag","embeddable":true,"href":"https:\/\/www.palosdegolfpersonalizados.com\/index.php?rest_route=%2Fwp%2Fv2%2Fproduct_tag&post=331"}],"curies":[{"name":"wp","href":"https:\/\/api.w.org\/{rel}","templated":true}]}}