{"id":365,"date":"2025-10-03T10:34:57","date_gmt":"2025-10-03T10:34:57","guid":{"rendered":"https:\/\/www.palosdegolfpersonalizados.com\/?post_type=product&#038;p=365"},"modified":"2025-11-12T13:31:12","modified_gmt":"2025-11-12T13:31:12","slug":"hibrido-3-ai-silver-junior-lynx-12-15-anos","status":"publish","type":"product","link":"https:\/\/www.palosdegolfpersonalizados.com\/?product=hibrido-3-ai-silver-junior-lynx-12-15-anos","title":{"rendered":"H\u00edbrido 3 Ai Silver Junior 12-15 a\u00f1os (152cm \u2013 160cm) Lynx"},"content":{"rendered":"<p data-start=\"46\" data-end=\"446\">Descubre el futuro del golf junior con os <strong data-start=\"196\" data-end=\"217\" data-is-only-node=\"\">Junior Ai Hybrids<\/strong>\u00a0creados para ayudar a los j\u00f3venes golfistas a mejorar su juego con confianza y sencillez. Estos h\u00edbridos combinan tecnolog\u00eda avanzada y un dise\u00f1o cuidadosamente pensado para ofrecer versatilidad y control en el campo.<\/p>\n<p data-start=\"448\" data-end=\"1138\" data-is-last-node=\"\" data-is-only-node=\"\">\u2022 <strong data-start=\"450\" data-end=\"487\">Construcci\u00f3n en acero inoxidable:<\/strong> Garantiza durabilidad y una sensaci\u00f3n s\u00f3lida en el impacto.<br data-start=\"547\" data-end=\"550\" \/>\u2022 <strong data-start=\"552\" data-end=\"578\" data-is-only-node=\"\">Cabeza de perfil bajo:<\/strong> Facilita los golpes desde diferentes posiciones, mejorando la jugabilidad.<br data-start=\"653\" data-end=\"656\" \/>\u2022 <strong data-start=\"658\" data-end=\"689\">Dise\u00f1o de alto lanzamiento:<\/strong> Favorece mayor distancia y control de trayectoria, ayudando a los juniors a conseguir un vuelo \u00f3ptimo de la bola.<br data-start=\"803\" data-end=\"806\" \/>\u2022 <strong data-start=\"808\" data-end=\"844\">Distribuci\u00f3n de peso optimizada:<\/strong> Ofrece un mejor equilibrio y estabilidad durante todo el swing.<br data-start=\"908\" data-end=\"911\" \/>\u2022 <strong data-start=\"913\" data-end=\"948\">Dise\u00f1o espec\u00edfico para juniors:<\/strong> Tama\u00f1os de grip y pesos de varilla adaptados para un ajuste perfecto.<br data-start=\"1018\" data-end=\"1021\" \/>\u2022 <strong data-start=\"1023\" data-end=\"1061\">Disponible para diestros y zurdos:<\/strong> Dise\u00f1ado para todos los j\u00f3venes golfistas, sin importar su mano dominante.<\/p>\n","protected":false},"excerpt":{"rendered":"<p>Dise\u00f1ados para j\u00f3venes golfistas, los <strong data-start=\"84\" data-end=\"105\">Junior Ai Hybrids<\/strong> ofrecen versatilidad, facilidad de uso y un mayor control para un juego m\u00e1s seguro.<\/p>\n<p><img decoding=\"async\" class=\"alignnone size-medium wp-image-1442\" src=\"https:\/\/www.palosdegolfpersonalizados.com\/wp-content\/uploads\/2025\/10\/Ventajas-Golf-300x49.png\" alt=\"\" width=\"300\" height=\"49\" srcset=\"https:\/\/www.palosdegolfpersonalizados.com\/wp-content\/uploads\/2025\/10\/Ventajas-Golf-300x49.png 300w, https:\/\/www.palosdegolfpersonalizados.com\/wp-content\/uploads\/2025\/10\/Ventajas-Golf-1024x167.png 1024w, https:\/\/www.palosdegolfpersonalizados.com\/wp-content\/uploads\/2025\/10\/Ventajas-Golf-768x125.png 768w, https:\/\/www.palosdegolfpersonalizados.com\/wp-content\/uploads\/2025\/10\/Ventajas-Golf-1536x251.png 1536w, https:\/\/www.palosdegolfpersonalizados.com\/wp-content\/uploads\/2025\/10\/Ventajas-Golf-2048x335.png 2048w, https:\/\/www.palosdegolfpersonalizados.com\/wp-content\/uploads\/2025\/10\/Ventajas-Golf-600x98.png 600w\" sizes=\"(max-width: 300px) 100vw, 300px\" \/><\/p>\n<p><img fetchpriority=\"high\" decoding=\"async\" class=\"alignnone size-medium wp-image-1441\" src=\"https:\/\/www.palosdegolfpersonalizados.com\/wp-content\/uploads\/2025\/10\/Etiqueta-nueva-min-3-1-300x200.png\" alt=\"\" width=\"300\" height=\"200\" \/><\/p>\n","protected":false},"featured_media":362,"comment_status":"closed","ping_status":"closed","template":"","meta":{"_joinchat":[]},"product_brand":[],"product_cat":[77,57,55],"product_tag":[104],"class_list":{"0":"post-365","1":"product","2":"type-product","3":"status-publish","4":"has-post-thumbnail","6":"product_cat-hibrido-3-golf-ninos","7":"product_cat-hibridos-golf-ninos","8":"product_cat-palos-de-golf-ninos","9":"product_tag-lynx-golf","11":"first","12":"instock","13":"shipping-taxable","14":"purchasable","15":"product-type-simple"},"yoast_head":"<!-- This site is optimized with the Yoast SEO plugin v27.2 - https:\/\/yoast.com\/product\/yoast-seo-wordpress\/ -->\n<title>H\u00edbrido 3 Ai Silver Junior 12-15 a\u00f1os (152cm \u2013 160cm) Lynx - Palos de Golf Personalizados<\/title>\n<meta name=\"description\" content=\"H\u00edbrido 3 Ai Silver Lynx: se trata de un palo de golf vers\u00e1til y f\u00e1cil de golpear. Ideal para golfistas junior que buscan distancia y control.\" \/>\n<meta name=\"robots\" content=\"index, follow, max-snippet:-1, max-image-preview:large, max-video-preview:-1\" \/>\n<link rel=\"canonical\" href=\"https:\/\/www.palosdegolfpersonalizados.com\/?product=hibrido-3-ai-silver-junior-lynx-12-15-anos\" \/>\n<meta property=\"og:locale\" content=\"en_US\" \/>\n<meta property=\"og:type\" content=\"article\" \/>\n<meta property=\"og:title\" content=\"H\u00edbrido 3 Ai Silver Junior 12-15 a\u00f1os (152cm \u2013 160cm) Lynx - Palos de Golf Personalizados\" \/>\n<meta property=\"og:description\" content=\"H\u00edbrido 3 Ai Silver Lynx: se trata de un palo de golf vers\u00e1til y f\u00e1cil de golpear. Ideal para golfistas junior que buscan distancia y control.\" \/>\n<meta property=\"og:url\" content=\"https:\/\/www.palosdegolfpersonalizados.com\/?product=hibrido-3-ai-silver-junior-lynx-12-15-anos\" \/>\n<meta property=\"og:site_name\" content=\"Palos de Golf Personalizados\" \/>\n<meta property=\"article:modified_time\" content=\"2025-11-12T13:31:12+00:00\" \/>\n<meta property=\"og:image\" content=\"https:\/\/www.palosdegolfpersonalizados.com\/wp-content\/uploads\/2025\/10\/Junior-Ai-Silver-FW-Shopify_5a5d83fa-ab4d-4064-88d6-ca3dca95cf02_800x800.webp\" \/>\n\t<meta property=\"og:image:width\" content=\"800\" \/>\n\t<meta property=\"og:image:height\" content=\"800\" \/>\n\t<meta property=\"og:image:type\" content=\"image\/webp\" \/>\n<meta name=\"twitter:card\" content=\"summary_large_image\" \/>\n<meta name=\"twitter:label1\" content=\"Est. reading time\" \/>\n\t<meta name=\"twitter:data1\" content=\"1 minute\" \/>\n<script type=\"application\/ld+json\" class=\"yoast-schema-graph\">{\"@context\":\"https:\/\/schema.org\",\"@graph\":[{\"@type\":\"WebPage\",\"@id\":\"https:\/\/www.palosdegolfpersonalizados.com\/?product=hibrido-3-ai-silver-junior-lynx-12-15-anos\",\"url\":\"https:\/\/www.palosdegolfpersonalizados.com\/?product=hibrido-3-ai-silver-junior-lynx-12-15-anos\",\"name\":\"H\u00edbrido 3 Ai Silver Junior 12-15 a\u00f1os (152cm \u2013 160cm) Lynx - Palos de Golf Personalizados\",\"isPartOf\":{\"@id\":\"https:\/\/www.palosdegolfpersonalizados.com\/#website\"},\"primaryImageOfPage\":{\"@id\":\"https:\/\/www.palosdegolfpersonalizados.com\/?product=hibrido-3-ai-silver-junior-lynx-12-15-anos#primaryimage\"},\"image\":{\"@id\":\"https:\/\/www.palosdegolfpersonalizados.com\/?product=hibrido-3-ai-silver-junior-lynx-12-15-anos#primaryimage\"},\"thumbnailUrl\":\"https:\/\/www.palosdegolfpersonalizados.com\/wp-content\/uploads\/2025\/10\/Junior-Ai-Silver-FW-Shopify_5a5d83fa-ab4d-4064-88d6-ca3dca95cf02_800x800.webp\",\"datePublished\":\"2025-10-03T10:34:57+00:00\",\"dateModified\":\"2025-11-12T13:31:12+00:00\",\"description\":\"H\u00edbrido 3 Ai Silver Lynx: se trata de un palo de golf vers\u00e1til y f\u00e1cil de golpear. Ideal para golfistas junior que buscan distancia y control.\",\"breadcrumb\":{\"@id\":\"https:\/\/www.palosdegolfpersonalizados.com\/?product=hibrido-3-ai-silver-junior-lynx-12-15-anos#breadcrumb\"},\"inLanguage\":\"en-US\",\"potentialAction\":[{\"@type\":\"ReadAction\",\"target\":[\"https:\/\/www.palosdegolfpersonalizados.com\/?product=hibrido-3-ai-silver-junior-lynx-12-15-anos\"]}]},{\"@type\":\"ImageObject\",\"inLanguage\":\"en-US\",\"@id\":\"https:\/\/www.palosdegolfpersonalizados.com\/?product=hibrido-3-ai-silver-junior-lynx-12-15-anos#primaryimage\",\"url\":\"https:\/\/www.palosdegolfpersonalizados.com\/wp-content\/uploads\/2025\/10\/Junior-Ai-Silver-FW-Shopify_5a5d83fa-ab4d-4064-88d6-ca3dca95cf02_800x800.webp\",\"contentUrl\":\"https:\/\/www.palosdegolfpersonalizados.com\/wp-content\/uploads\/2025\/10\/Junior-Ai-Silver-FW-Shopify_5a5d83fa-ab4d-4064-88d6-ca3dca95cf02_800x800.webp\",\"width\":800,\"height\":800,\"caption\":\"H\u00edbrido Lynx Ai Silver para j\u00f3venes golfistas, precisi\u00f3n y potencia en cada golpe.\"},{\"@type\":\"BreadcrumbList\",\"@id\":\"https:\/\/www.palosdegolfpersonalizados.com\/?product=hibrido-3-ai-silver-junior-lynx-12-15-anos#breadcrumb\",\"itemListElement\":[{\"@type\":\"ListItem\",\"position\":1,\"name\":\"Portada\",\"item\":\"https:\/\/www.palosdegolfpersonalizados.com\/\"},{\"@type\":\"ListItem\",\"position\":2,\"name\":\"Tienda de Golf\",\"item\":\"https:\/\/www.palosdegolfpersonalizados.com\/?page_id=8\"},{\"@type\":\"ListItem\",\"position\":3,\"name\":\"H\u00edbrido 3 Ai Silver Junior 12-15 a\u00f1os (152cm \u2013 160cm) Lynx\"}]},{\"@type\":\"WebSite\",\"@id\":\"https:\/\/www.palosdegolfpersonalizados.com\/#website\",\"url\":\"https:\/\/www.palosdegolfpersonalizados.com\/\",\"name\":\"Palos de Golf Personalizados\",\"description\":\"Palos de Golf Personalizados\",\"publisher\":{\"@id\":\"https:\/\/www.palosdegolfpersonalizados.com\/#organization\"},\"potentialAction\":[{\"@type\":\"SearchAction\",\"target\":{\"@type\":\"EntryPoint\",\"urlTemplate\":\"https:\/\/www.palosdegolfpersonalizados.com\/?s={search_term_string}\"},\"query-input\":{\"@type\":\"PropertyValueSpecification\",\"valueRequired\":true,\"valueName\":\"search_term_string\"}}],\"inLanguage\":\"en-US\"},{\"@type\":\"Organization\",\"@id\":\"https:\/\/www.palosdegolfpersonalizados.com\/#organization\",\"name\":\"Palos de Golf Personalizados\",\"url\":\"https:\/\/www.palosdegolfpersonalizados.com\/\",\"logo\":{\"@type\":\"ImageObject\",\"inLanguage\":\"en-US\",\"@id\":\"https:\/\/www.palosdegolfpersonalizados.com\/#\/schema\/logo\/image\/\",\"url\":\"https:\/\/www.palosdegolfpersonalizados.com\/wp-content\/uploads\/2025\/10\/Logo-Palos-Personalizados-1.png\",\"contentUrl\":\"https:\/\/www.palosdegolfpersonalizados.com\/wp-content\/uploads\/2025\/10\/Logo-Palos-Personalizados-1.png\",\"width\":443,\"height\":163,\"caption\":\"Palos de Golf Personalizados\"},\"image\":{\"@id\":\"https:\/\/www.palosdegolfpersonalizados.com\/#\/schema\/logo\/image\/\"}}]}<\/script>\n<!-- \/ Yoast SEO plugin. -->","yoast_head_json":{"title":"H\u00edbrido 3 Ai Silver Junior 12-15 a\u00f1os (152cm \u2013 160cm) Lynx - Palos de Golf Personalizados","description":"H\u00edbrido 3 Ai Silver Lynx: se trata de un palo de golf vers\u00e1til y f\u00e1cil de golpear. Ideal para golfistas junior que buscan distancia y control.","robots":{"index":"index","follow":"follow","max-snippet":"max-snippet:-1","max-image-preview":"max-image-preview:large","max-video-preview":"max-video-preview:-1"},"canonical":"https:\/\/www.palosdegolfpersonalizados.com\/?product=hibrido-3-ai-silver-junior-lynx-12-15-anos","og_locale":"en_US","og_type":"article","og_title":"H\u00edbrido 3 Ai Silver Junior 12-15 a\u00f1os (152cm \u2013 160cm) Lynx - Palos de Golf Personalizados","og_description":"H\u00edbrido 3 Ai Silver Lynx: se trata de un palo de golf vers\u00e1til y f\u00e1cil de golpear. Ideal para golfistas junior que buscan distancia y control.","og_url":"https:\/\/www.palosdegolfpersonalizados.com\/?product=hibrido-3-ai-silver-junior-lynx-12-15-anos","og_site_name":"Palos de Golf Personalizados","article_modified_time":"2025-11-12T13:31:12+00:00","og_image":[{"width":800,"height":800,"url":"https:\/\/www.palosdegolfpersonalizados.com\/wp-content\/uploads\/2025\/10\/Junior-Ai-Silver-FW-Shopify_5a5d83fa-ab4d-4064-88d6-ca3dca95cf02_800x800.webp","type":"image\/webp"}],"twitter_card":"summary_large_image","twitter_misc":{"Est. reading time":"1 minute"},"schema":{"@context":"https:\/\/schema.org","@graph":[{"@type":"WebPage","@id":"https:\/\/www.palosdegolfpersonalizados.com\/?product=hibrido-3-ai-silver-junior-lynx-12-15-anos","url":"https:\/\/www.palosdegolfpersonalizados.com\/?product=hibrido-3-ai-silver-junior-lynx-12-15-anos","name":"H\u00edbrido 3 Ai Silver Junior 12-15 a\u00f1os (152cm \u2013 160cm) Lynx - Palos de Golf Personalizados","isPartOf":{"@id":"https:\/\/www.palosdegolfpersonalizados.com\/#website"},"primaryImageOfPage":{"@id":"https:\/\/www.palosdegolfpersonalizados.com\/?product=hibrido-3-ai-silver-junior-lynx-12-15-anos#primaryimage"},"image":{"@id":"https:\/\/www.palosdegolfpersonalizados.com\/?product=hibrido-3-ai-silver-junior-lynx-12-15-anos#primaryimage"},"thumbnailUrl":"https:\/\/www.palosdegolfpersonalizados.com\/wp-content\/uploads\/2025\/10\/Junior-Ai-Silver-FW-Shopify_5a5d83fa-ab4d-4064-88d6-ca3dca95cf02_800x800.webp","datePublished":"2025-10-03T10:34:57+00:00","dateModified":"2025-11-12T13:31:12+00:00","description":"H\u00edbrido 3 Ai Silver Lynx: se trata de un palo de golf vers\u00e1til y f\u00e1cil de golpear. Ideal para golfistas junior que buscan distancia y control.","breadcrumb":{"@id":"https:\/\/www.palosdegolfpersonalizados.com\/?product=hibrido-3-ai-silver-junior-lynx-12-15-anos#breadcrumb"},"inLanguage":"en-US","potentialAction":[{"@type":"ReadAction","target":["https:\/\/www.palosdegolfpersonalizados.com\/?product=hibrido-3-ai-silver-junior-lynx-12-15-anos"]}]},{"@type":"ImageObject","inLanguage":"en-US","@id":"https:\/\/www.palosdegolfpersonalizados.com\/?product=hibrido-3-ai-silver-junior-lynx-12-15-anos#primaryimage","url":"https:\/\/www.palosdegolfpersonalizados.com\/wp-content\/uploads\/2025\/10\/Junior-Ai-Silver-FW-Shopify_5a5d83fa-ab4d-4064-88d6-ca3dca95cf02_800x800.webp","contentUrl":"https:\/\/www.palosdegolfpersonalizados.com\/wp-content\/uploads\/2025\/10\/Junior-Ai-Silver-FW-Shopify_5a5d83fa-ab4d-4064-88d6-ca3dca95cf02_800x800.webp","width":800,"height":800,"caption":"H\u00edbrido Lynx Ai Silver para j\u00f3venes golfistas, precisi\u00f3n y potencia en cada golpe."},{"@type":"BreadcrumbList","@id":"https:\/\/www.palosdegolfpersonalizados.com\/?product=hibrido-3-ai-silver-junior-lynx-12-15-anos#breadcrumb","itemListElement":[{"@type":"ListItem","position":1,"name":"Portada","item":"https:\/\/www.palosdegolfpersonalizados.com\/"},{"@type":"ListItem","position":2,"name":"Tienda de Golf","item":"https:\/\/www.palosdegolfpersonalizados.com\/?page_id=8"},{"@type":"ListItem","position":3,"name":"H\u00edbrido 3 Ai Silver Junior 12-15 a\u00f1os (152cm \u2013 160cm) Lynx"}]},{"@type":"WebSite","@id":"https:\/\/www.palosdegolfpersonalizados.com\/#website","url":"https:\/\/www.palosdegolfpersonalizados.com\/","name":"Palos de Golf Personalizados","description":"Palos de Golf Personalizados","publisher":{"@id":"https:\/\/www.palosdegolfpersonalizados.com\/#organization"},"potentialAction":[{"@type":"SearchAction","target":{"@type":"EntryPoint","urlTemplate":"https:\/\/www.palosdegolfpersonalizados.com\/?s={search_term_string}"},"query-input":{"@type":"PropertyValueSpecification","valueRequired":true,"valueName":"search_term_string"}}],"inLanguage":"en-US"},{"@type":"Organization","@id":"https:\/\/www.palosdegolfpersonalizados.com\/#organization","name":"Palos de Golf Personalizados","url":"https:\/\/www.palosdegolfpersonalizados.com\/","logo":{"@type":"ImageObject","inLanguage":"en-US","@id":"https:\/\/www.palosdegolfpersonalizados.com\/#\/schema\/logo\/image\/","url":"https:\/\/www.palosdegolfpersonalizados.com\/wp-content\/uploads\/2025\/10\/Logo-Palos-Personalizados-1.png","contentUrl":"https:\/\/www.palosdegolfpersonalizados.com\/wp-content\/uploads\/2025\/10\/Logo-Palos-Personalizados-1.png","width":443,"height":163,"caption":"Palos de Golf Personalizados"},"image":{"@id":"https:\/\/www.palosdegolfpersonalizados.com\/#\/schema\/logo\/image\/"}}]}},"_links":{"self":[{"href":"https:\/\/www.palosdegolfpersonalizados.com\/index.php?rest_route=\/wp\/v2\/product\/365","targetHints":{"allow":["GET"]}}],"collection":[{"href":"https:\/\/www.palosdegolfpersonalizados.com\/index.php?rest_route=\/wp\/v2\/product"}],"about":[{"href":"https:\/\/www.palosdegolfpersonalizados.com\/index.php?rest_route=\/wp\/v2\/types\/product"}],"replies":[{"embeddable":true,"href":"https:\/\/www.palosdegolfpersonalizados.com\/index.php?rest_route=%2Fwp%2Fv2%2Fcomments&post=365"}],"wp:featuredmedia":[{"embeddable":true,"href":"https:\/\/www.palosdegolfpersonalizados.com\/index.php?rest_route=\/wp\/v2\/media\/362"}],"wp:attachment":[{"href":"https:\/\/www.palosdegolfpersonalizados.com\/index.php?rest_route=%2Fwp%2Fv2%2Fmedia&parent=365"}],"wp:term":[{"taxonomy":"product_brand","embeddable":true,"href":"https:\/\/www.palosdegolfpersonalizados.com\/index.php?rest_route=%2Fwp%2Fv2%2Fproduct_brand&post=365"},{"taxonomy":"product_cat","embeddable":true,"href":"https:\/\/www.palosdegolfpersonalizados.com\/index.php?rest_route=%2Fwp%2Fv2%2Fproduct_cat&post=365"},{"taxonomy":"product_tag","embeddable":true,"href":"https:\/\/www.palosdegolfpersonalizados.com\/index.php?rest_route=%2Fwp%2Fv2%2Fproduct_tag&post=365"}],"curies":[{"name":"wp","href":"https:\/\/api.w.org\/{rel}","templated":true}]}}