{"id":386,"date":"2025-10-03T10:54:10","date_gmt":"2025-10-03T10:54:10","guid":{"rendered":"https:\/\/www.palosdegolfpersonalizados.com\/?post_type=product&#038;p=386"},"modified":"2025-11-12T13:00:05","modified_gmt":"2025-11-12T13:00:05","slug":"set-spalding-true-black-14-piezas-mujer-rh","status":"publish","type":"product","link":"https:\/\/www.palosdegolfpersonalizados.com\/?product=set-spalding-true-black-14-piezas-mujer-rh","title":{"rendered":"Set True Black 14-Piece Ladies RH Spalding"},"content":{"rendered":"<h3 data-start=\"1839\" data-end=\"1889\">Descubre el futuro del golf junior con\u00a0 la Set True Black 14-Piece Ladies RH Spalding<\/h3>\n<h3 data-start=\"1839\" data-end=\"1889\">Bolsa de golf elegante y resistente incluida<\/h3>\n<p data-start=\"1890\" data-end=\"2336\">Este <strong data-start=\"1895\" data-end=\"1948\">Spalding True Black Complete 14 piezas para damas<\/strong> incluye una elegante bolsa de golf <strong data-start=\"1984\" data-end=\"2001\">Cartbag negra<\/strong>, tambi\u00e9n conocida como trolley, con numerosos compartimentos de almacenamiento. Bien acabada y muy resistente, especialmente para este rango de precios. Spalding, referente en este segmento, ofrece con estos sets una calidad que supera las expectativas de cualquier jugadora principiante que busque su primer set sin complicaciones.<\/p>\n<h3 data-start=\"2338\" data-end=\"2360\">Versi\u00f3n est\u00e1ndar<\/h3>\n<p data-start=\"2361\" data-end=\"2686\">En los llamados &#8220;Boxed Golf Sets&#8221;, la composici\u00f3n es fija y los palos est\u00e1n dise\u00f1ados con especificaciones est\u00e1ndar para adaptarse al mayor n\u00famero posible de jugadoras. No es posible realizar club fitting en estos sets. Sin embargo, bajo pedido (y con coste adicional), los palos pueden suministrarse con grips m\u00e1s gruesos.<\/p>\n<h3 data-start=\"2688\" data-end=\"2724\">Contenido del set (14 piezas):<\/h3>\n<ul data-start=\"2725\" data-end=\"3079\">\n<li data-start=\"2725\" data-end=\"2766\">\n<p data-start=\"2727\" data-end=\"2766\">Driver HL (High Launch loft) 12\u00b0 loft<\/p>\n<\/li>\n<li data-start=\"2767\" data-end=\"2796\">\n<p data-start=\"2769\" data-end=\"2796\">Fairway wood 3 (18\u00b0 loft)<\/p>\n<\/li>\n<li data-start=\"2797\" data-end=\"2821\">\n<p data-start=\"2799\" data-end=\"2821\">H\u00edbrido 4 (24\u00b0 loft)<\/p>\n<\/li>\n<li data-start=\"2822\" data-end=\"2844\">\n<p data-start=\"2824\" data-end=\"2844\">Hierros del 6 al 9<\/p>\n<\/li>\n<li data-start=\"2845\" data-end=\"2886\">\n<p data-start=\"2847\" data-end=\"2886\">Pitching Wedge (PW) y Sand Wedge (SW)<\/p>\n<\/li>\n<li data-start=\"2887\" data-end=\"2933\">\n<p data-start=\"2889\" data-end=\"2933\">Putter cl\u00e1sico tipo &#8220;Blade&#8221; de 34 pulgadas<\/p>\n<\/li>\n<li data-start=\"2934\" data-end=\"2992\">\n<p data-start=\"2936\" data-end=\"2992\">3 fundas para cabezas (driver, fairway wood e h\u00edbrido)<\/p>\n<\/li>\n<li data-start=\"2993\" data-end=\"3079\">\n<p data-start=\"2995\" data-end=\"3079\">Bolsa de carrito\/trolley negra de lujo con estructura plegable y funda para lluvia<\/p>\n<\/li>\n<\/ul>\n","protected":false},"excerpt":{"rendered":"<p>Este completo set de golf para damas Spalding True Black &#8220;boxed&#8221; garantiza que empezar en el golf siga siendo divertido. Un dise\u00f1o hermoso y resistente se combina con \u00e9xito con especificaciones pensadas para principiantes.<\/p>\n<p><img decoding=\"async\" class=\"alignnone size-medium wp-image-1442\" src=\"https:\/\/www.palosdegolfpersonalizados.com\/wp-content\/uploads\/2025\/10\/Ventajas-Golf-300x49.png\" alt=\"\" width=\"300\" height=\"49\" srcset=\"https:\/\/www.palosdegolfpersonalizados.com\/wp-content\/uploads\/2025\/10\/Ventajas-Golf-300x49.png 300w, https:\/\/www.palosdegolfpersonalizados.com\/wp-content\/uploads\/2025\/10\/Ventajas-Golf-1024x167.png 1024w, https:\/\/www.palosdegolfpersonalizados.com\/wp-content\/uploads\/2025\/10\/Ventajas-Golf-768x125.png 768w, https:\/\/www.palosdegolfpersonalizados.com\/wp-content\/uploads\/2025\/10\/Ventajas-Golf-1536x251.png 1536w, https:\/\/www.palosdegolfpersonalizados.com\/wp-content\/uploads\/2025\/10\/Ventajas-Golf-2048x335.png 2048w, https:\/\/www.palosdegolfpersonalizados.com\/wp-content\/uploads\/2025\/10\/Ventajas-Golf-600x98.png 600w\" sizes=\"(max-width: 300px) 100vw, 300px\" \/><\/p>\n<p><img fetchpriority=\"high\" decoding=\"async\" class=\"alignnone size-medium wp-image-1441\" src=\"https:\/\/www.palosdegolfpersonalizados.com\/wp-content\/uploads\/2025\/10\/Etiqueta-nueva-min-3-1-300x200.png\" alt=\"\" width=\"300\" height=\"200\" \/><\/p>\n","protected":false},"featured_media":388,"comment_status":"closed","ping_status":"closed","template":"","meta":{"_joinchat":[]},"product_brand":[],"product_cat":[35,42],"product_tag":[],"class_list":{"0":"post-386","1":"product","2":"type-product","3":"status-publish","4":"has-post-thumbnail","6":"product_cat-palos-de-golf-mujer","7":"product_cat-sets-golf-mujer","9":"first","10":"instock","11":"shipping-taxable","12":"purchasable","13":"product-type-simple"},"yoast_head":"<!-- This site is optimized with the Yoast SEO plugin v27.2 - https:\/\/yoast.com\/product\/yoast-seo-wordpress\/ -->\n<title>Set True Black 14-Piece Ladies RH Spalding - Palos de Golf Personalizados<\/title>\n<meta name=\"description\" content=\"Set Spalding True Black 14 piezas: ligereza, elegancia y potencia. Dise\u00f1ado para mujeres golfistas que buscan m\u00e1ximo rendimiento.\" \/>\n<meta name=\"robots\" content=\"index, follow, max-snippet:-1, max-image-preview:large, max-video-preview:-1\" \/>\n<link rel=\"canonical\" href=\"https:\/\/www.palosdegolfpersonalizados.com\/?product=set-spalding-true-black-14-piezas-mujer-rh\" \/>\n<meta property=\"og:locale\" content=\"en_US\" \/>\n<meta property=\"og:type\" content=\"article\" \/>\n<meta property=\"og:title\" content=\"Set True Black 14-Piece Ladies RH Spalding - Palos de Golf Personalizados\" \/>\n<meta property=\"og:description\" content=\"Set Spalding True Black 14 piezas: ligereza, elegancia y potencia. Dise\u00f1ado para mujeres golfistas que buscan m\u00e1ximo rendimiento.\" \/>\n<meta property=\"og:url\" content=\"https:\/\/www.palosdegolfpersonalizados.com\/?product=set-spalding-true-black-14-piezas-mujer-rh\" \/>\n<meta property=\"og:site_name\" content=\"Palos de Golf Personalizados\" \/>\n<meta property=\"article:modified_time\" content=\"2025-11-12T13:00:05+00:00\" \/>\n<meta property=\"og:image\" content=\"https:\/\/www.palosdegolfpersonalizados.com\/wp-content\/uploads\/2025\/10\/spalding-spalding-true-black-14-piece-graphite-sta-4.webp\" \/>\n\t<meta property=\"og:image:width\" content=\"750\" \/>\n\t<meta property=\"og:image:height\" content=\"750\" \/>\n\t<meta property=\"og:image:type\" content=\"image\/webp\" \/>\n<meta name=\"twitter:card\" content=\"summary_large_image\" \/>\n<meta name=\"twitter:label1\" content=\"Est. reading time\" \/>\n\t<meta name=\"twitter:data1\" content=\"2 minutes\" \/>\n<script type=\"application\/ld+json\" class=\"yoast-schema-graph\">{\"@context\":\"https:\/\/schema.org\",\"@graph\":[{\"@type\":\"WebPage\",\"@id\":\"https:\/\/www.palosdegolfpersonalizados.com\/?product=set-spalding-true-black-14-piezas-mujer-rh\",\"url\":\"https:\/\/www.palosdegolfpersonalizados.com\/?product=set-spalding-true-black-14-piezas-mujer-rh\",\"name\":\"Set True Black 14-Piece Ladies RH Spalding - Palos de Golf Personalizados\",\"isPartOf\":{\"@id\":\"https:\/\/www.palosdegolfpersonalizados.com\/#website\"},\"primaryImageOfPage\":{\"@id\":\"https:\/\/www.palosdegolfpersonalizados.com\/?product=set-spalding-true-black-14-piezas-mujer-rh#primaryimage\"},\"image\":{\"@id\":\"https:\/\/www.palosdegolfpersonalizados.com\/?product=set-spalding-true-black-14-piezas-mujer-rh#primaryimage\"},\"thumbnailUrl\":\"https:\/\/www.palosdegolfpersonalizados.com\/wp-content\/uploads\/2025\/10\/spalding-spalding-true-black-14-piece-graphite-sta-4.webp\",\"datePublished\":\"2025-10-03T10:54:10+00:00\",\"dateModified\":\"2025-11-12T13:00:05+00:00\",\"description\":\"Set Spalding True Black 14 piezas: ligereza, elegancia y potencia. Dise\u00f1ado para mujeres golfistas que buscan m\u00e1ximo rendimiento.\",\"breadcrumb\":{\"@id\":\"https:\/\/www.palosdegolfpersonalizados.com\/?product=set-spalding-true-black-14-piezas-mujer-rh#breadcrumb\"},\"inLanguage\":\"en-US\",\"potentialAction\":[{\"@type\":\"ReadAction\",\"target\":[\"https:\/\/www.palosdegolfpersonalizados.com\/?product=set-spalding-true-black-14-piezas-mujer-rh\"]}]},{\"@type\":\"ImageObject\",\"inLanguage\":\"en-US\",\"@id\":\"https:\/\/www.palosdegolfpersonalizados.com\/?product=set-spalding-true-black-14-piezas-mujer-rh#primaryimage\",\"url\":\"https:\/\/www.palosdegolfpersonalizados.com\/wp-content\/uploads\/2025\/10\/spalding-spalding-true-black-14-piece-graphite-sta-4.webp\",\"contentUrl\":\"https:\/\/www.palosdegolfpersonalizados.com\/wp-content\/uploads\/2025\/10\/spalding-spalding-true-black-14-piece-graphite-sta-4.webp\",\"width\":750,\"height\":750,\"caption\":\"Set Spalding True Black Ladies, completo y elegante para golfistas mujeres.\"},{\"@type\":\"BreadcrumbList\",\"@id\":\"https:\/\/www.palosdegolfpersonalizados.com\/?product=set-spalding-true-black-14-piezas-mujer-rh#breadcrumb\",\"itemListElement\":[{\"@type\":\"ListItem\",\"position\":1,\"name\":\"Portada\",\"item\":\"https:\/\/www.palosdegolfpersonalizados.com\/\"},{\"@type\":\"ListItem\",\"position\":2,\"name\":\"Tienda de Golf\",\"item\":\"https:\/\/www.palosdegolfpersonalizados.com\/?page_id=8\"},{\"@type\":\"ListItem\",\"position\":3,\"name\":\"Set True Black 14-Piece Ladies RH Spalding\"}]},{\"@type\":\"WebSite\",\"@id\":\"https:\/\/www.palosdegolfpersonalizados.com\/#website\",\"url\":\"https:\/\/www.palosdegolfpersonalizados.com\/\",\"name\":\"Palos de Golf Personalizados\",\"description\":\"Palos de Golf Personalizados\",\"publisher\":{\"@id\":\"https:\/\/www.palosdegolfpersonalizados.com\/#organization\"},\"potentialAction\":[{\"@type\":\"SearchAction\",\"target\":{\"@type\":\"EntryPoint\",\"urlTemplate\":\"https:\/\/www.palosdegolfpersonalizados.com\/?s={search_term_string}\"},\"query-input\":{\"@type\":\"PropertyValueSpecification\",\"valueRequired\":true,\"valueName\":\"search_term_string\"}}],\"inLanguage\":\"en-US\"},{\"@type\":\"Organization\",\"@id\":\"https:\/\/www.palosdegolfpersonalizados.com\/#organization\",\"name\":\"Palos de Golf Personalizados\",\"url\":\"https:\/\/www.palosdegolfpersonalizados.com\/\",\"logo\":{\"@type\":\"ImageObject\",\"inLanguage\":\"en-US\",\"@id\":\"https:\/\/www.palosdegolfpersonalizados.com\/#\/schema\/logo\/image\/\",\"url\":\"https:\/\/www.palosdegolfpersonalizados.com\/wp-content\/uploads\/2025\/10\/Logo-Palos-Personalizados-1.png\",\"contentUrl\":\"https:\/\/www.palosdegolfpersonalizados.com\/wp-content\/uploads\/2025\/10\/Logo-Palos-Personalizados-1.png\",\"width\":443,\"height\":163,\"caption\":\"Palos de Golf Personalizados\"},\"image\":{\"@id\":\"https:\/\/www.palosdegolfpersonalizados.com\/#\/schema\/logo\/image\/\"}}]}<\/script>\n<!-- \/ Yoast SEO plugin. -->","yoast_head_json":{"title":"Set True Black 14-Piece Ladies RH Spalding - Palos de Golf Personalizados","description":"Set Spalding True Black 14 piezas: ligereza, elegancia y potencia. Dise\u00f1ado para mujeres golfistas que buscan m\u00e1ximo rendimiento.","robots":{"index":"index","follow":"follow","max-snippet":"max-snippet:-1","max-image-preview":"max-image-preview:large","max-video-preview":"max-video-preview:-1"},"canonical":"https:\/\/www.palosdegolfpersonalizados.com\/?product=set-spalding-true-black-14-piezas-mujer-rh","og_locale":"en_US","og_type":"article","og_title":"Set True Black 14-Piece Ladies RH Spalding - Palos de Golf Personalizados","og_description":"Set Spalding True Black 14 piezas: ligereza, elegancia y potencia. Dise\u00f1ado para mujeres golfistas que buscan m\u00e1ximo rendimiento.","og_url":"https:\/\/www.palosdegolfpersonalizados.com\/?product=set-spalding-true-black-14-piezas-mujer-rh","og_site_name":"Palos de Golf Personalizados","article_modified_time":"2025-11-12T13:00:05+00:00","og_image":[{"width":750,"height":750,"url":"https:\/\/www.palosdegolfpersonalizados.com\/wp-content\/uploads\/2025\/10\/spalding-spalding-true-black-14-piece-graphite-sta-4.webp","type":"image\/webp"}],"twitter_card":"summary_large_image","twitter_misc":{"Est. reading time":"2 minutes"},"schema":{"@context":"https:\/\/schema.org","@graph":[{"@type":"WebPage","@id":"https:\/\/www.palosdegolfpersonalizados.com\/?product=set-spalding-true-black-14-piezas-mujer-rh","url":"https:\/\/www.palosdegolfpersonalizados.com\/?product=set-spalding-true-black-14-piezas-mujer-rh","name":"Set True Black 14-Piece Ladies RH Spalding - Palos de Golf Personalizados","isPartOf":{"@id":"https:\/\/www.palosdegolfpersonalizados.com\/#website"},"primaryImageOfPage":{"@id":"https:\/\/www.palosdegolfpersonalizados.com\/?product=set-spalding-true-black-14-piezas-mujer-rh#primaryimage"},"image":{"@id":"https:\/\/www.palosdegolfpersonalizados.com\/?product=set-spalding-true-black-14-piezas-mujer-rh#primaryimage"},"thumbnailUrl":"https:\/\/www.palosdegolfpersonalizados.com\/wp-content\/uploads\/2025\/10\/spalding-spalding-true-black-14-piece-graphite-sta-4.webp","datePublished":"2025-10-03T10:54:10+00:00","dateModified":"2025-11-12T13:00:05+00:00","description":"Set Spalding True Black 14 piezas: ligereza, elegancia y potencia. Dise\u00f1ado para mujeres golfistas que buscan m\u00e1ximo rendimiento.","breadcrumb":{"@id":"https:\/\/www.palosdegolfpersonalizados.com\/?product=set-spalding-true-black-14-piezas-mujer-rh#breadcrumb"},"inLanguage":"en-US","potentialAction":[{"@type":"ReadAction","target":["https:\/\/www.palosdegolfpersonalizados.com\/?product=set-spalding-true-black-14-piezas-mujer-rh"]}]},{"@type":"ImageObject","inLanguage":"en-US","@id":"https:\/\/www.palosdegolfpersonalizados.com\/?product=set-spalding-true-black-14-piezas-mujer-rh#primaryimage","url":"https:\/\/www.palosdegolfpersonalizados.com\/wp-content\/uploads\/2025\/10\/spalding-spalding-true-black-14-piece-graphite-sta-4.webp","contentUrl":"https:\/\/www.palosdegolfpersonalizados.com\/wp-content\/uploads\/2025\/10\/spalding-spalding-true-black-14-piece-graphite-sta-4.webp","width":750,"height":750,"caption":"Set Spalding True Black Ladies, completo y elegante para golfistas mujeres."},{"@type":"BreadcrumbList","@id":"https:\/\/www.palosdegolfpersonalizados.com\/?product=set-spalding-true-black-14-piezas-mujer-rh#breadcrumb","itemListElement":[{"@type":"ListItem","position":1,"name":"Portada","item":"https:\/\/www.palosdegolfpersonalizados.com\/"},{"@type":"ListItem","position":2,"name":"Tienda de Golf","item":"https:\/\/www.palosdegolfpersonalizados.com\/?page_id=8"},{"@type":"ListItem","position":3,"name":"Set True Black 14-Piece Ladies RH Spalding"}]},{"@type":"WebSite","@id":"https:\/\/www.palosdegolfpersonalizados.com\/#website","url":"https:\/\/www.palosdegolfpersonalizados.com\/","name":"Palos de Golf Personalizados","description":"Palos de Golf Personalizados","publisher":{"@id":"https:\/\/www.palosdegolfpersonalizados.com\/#organization"},"potentialAction":[{"@type":"SearchAction","target":{"@type":"EntryPoint","urlTemplate":"https:\/\/www.palosdegolfpersonalizados.com\/?s={search_term_string}"},"query-input":{"@type":"PropertyValueSpecification","valueRequired":true,"valueName":"search_term_string"}}],"inLanguage":"en-US"},{"@type":"Organization","@id":"https:\/\/www.palosdegolfpersonalizados.com\/#organization","name":"Palos de Golf Personalizados","url":"https:\/\/www.palosdegolfpersonalizados.com\/","logo":{"@type":"ImageObject","inLanguage":"en-US","@id":"https:\/\/www.palosdegolfpersonalizados.com\/#\/schema\/logo\/image\/","url":"https:\/\/www.palosdegolfpersonalizados.com\/wp-content\/uploads\/2025\/10\/Logo-Palos-Personalizados-1.png","contentUrl":"https:\/\/www.palosdegolfpersonalizados.com\/wp-content\/uploads\/2025\/10\/Logo-Palos-Personalizados-1.png","width":443,"height":163,"caption":"Palos de Golf Personalizados"},"image":{"@id":"https:\/\/www.palosdegolfpersonalizados.com\/#\/schema\/logo\/image\/"}}]}},"_links":{"self":[{"href":"https:\/\/www.palosdegolfpersonalizados.com\/index.php?rest_route=\/wp\/v2\/product\/386","targetHints":{"allow":["GET"]}}],"collection":[{"href":"https:\/\/www.palosdegolfpersonalizados.com\/index.php?rest_route=\/wp\/v2\/product"}],"about":[{"href":"https:\/\/www.palosdegolfpersonalizados.com\/index.php?rest_route=\/wp\/v2\/types\/product"}],"replies":[{"embeddable":true,"href":"https:\/\/www.palosdegolfpersonalizados.com\/index.php?rest_route=%2Fwp%2Fv2%2Fcomments&post=386"}],"wp:featuredmedia":[{"embeddable":true,"href":"https:\/\/www.palosdegolfpersonalizados.com\/index.php?rest_route=\/wp\/v2\/media\/388"}],"wp:attachment":[{"href":"https:\/\/www.palosdegolfpersonalizados.com\/index.php?rest_route=%2Fwp%2Fv2%2Fmedia&parent=386"}],"wp:term":[{"taxonomy":"product_brand","embeddable":true,"href":"https:\/\/www.palosdegolfpersonalizados.com\/index.php?rest_route=%2Fwp%2Fv2%2Fproduct_brand&post=386"},{"taxonomy":"product_cat","embeddable":true,"href":"https:\/\/www.palosdegolfpersonalizados.com\/index.php?rest_route=%2Fwp%2Fv2%2Fproduct_cat&post=386"},{"taxonomy":"product_tag","embeddable":true,"href":"https:\/\/www.palosdegolfpersonalizados.com\/index.php?rest_route=%2Fwp%2Fv2%2Fproduct_tag&post=386"}],"curies":[{"name":"wp","href":"https:\/\/api.w.org\/{rel}","templated":true}]}}