{"id":460,"date":"2025-10-07T10:11:48","date_gmt":"2025-10-07T10:11:48","guid":{"rendered":"https:\/\/www.palosdegolfpersonalizados.com\/?post_type=product&#038;p=460"},"modified":"2025-11-11T12:37:14","modified_gmt":"2025-11-11T12:37:14","slug":"hibrido-4-ai-orange-junior-precision-y-control-simplificados","status":"publish","type":"product","link":"https:\/\/www.palosdegolfpersonalizados.com\/?product=hibrido-4-ai-orange-junior-precision-y-control-simplificados","title":{"rendered":"H\u00edbrido 4 Ai Orange Junior 6-8 a\u00f1os (130cm \u2013 138cm) Lynx"},"content":{"rendered":"<article class=\"text-token-text-primary w-full focus:outline-none scroll-mt-[calc(var(--header-height)+min(200px,max(70px,20svh)))]\" dir=\"auto\" tabindex=\"-1\" data-turn-id=\"request-68de62b9-9378-8328-b590-6dd89b6f0820-14\" data-testid=\"conversation-turn-76\" data-scroll-anchor=\"true\" data-turn=\"assistant\">\n<div class=\"text-base my-auto mx-auto pb-10 [--thread-content-margin:--spacing(4)] thread-sm:[--thread-content-margin:--spacing(6)] thread-lg:[--thread-content-margin:--spacing(16)] px-(--thread-content-margin)\">\n<div class=\"[--thread-content-max-width:40rem] thread-lg:[--thread-content-max-width:48rem] mx-auto max-w-(--thread-content-max-width) flex-1 group\/turn-messages focus-visible:outline-hidden relative flex w-full min-w-0 flex-col agent-turn\" tabindex=\"-1\">\n<div class=\"flex max-w-full flex-col grow\">\n<div class=\"min-h-8 text-message relative flex w-full flex-col items-end gap-2 text-start break-words whitespace-normal [.text-message+&amp;]:mt-5\" dir=\"auto\" data-message-author-role=\"assistant\" data-message-id=\"90804186-925c-4693-aa12-d335b7b3ee5d\" data-message-model-slug=\"gpt-5\">\n<div class=\"flex w-full flex-col gap-1 empty:hidden first:pt-[1px]\">\n<div class=\"markdown prose dark:prose-invert w-full break-words light markdown-new-styling\">\n<p data-start=\"48\" data-end=\"438\">Descubre el futuro del golf junior con el <strong>Junior Ai Hybrids. <\/strong>Creados para ayudar a los golfistas junior a mejorar su juego de manera sencilla y segura. Estos h\u00edbridos combinan tecnolog\u00eda avanzada y un dise\u00f1o pensado para proporcionar versatilidad y control en el campo.<\/p>\n<p data-start=\"440\" data-end=\"1123\" data-is-last-node=\"\" data-is-only-node=\"\">\u2022 <strong data-start=\"442\" data-end=\"479\">Construcci\u00f3n en acero inoxidable:<\/strong> Garantiza durabilidad y una sensaci\u00f3n s\u00f3lida en el impacto.<br data-start=\"539\" data-end=\"542\" \/>\u2022 <strong data-start=\"544\" data-end=\"570\" data-is-only-node=\"\">Cabeza de perfil bajo:<\/strong> Facilita los golpes desde distintos lies, mejorando la jugabilidad.<br data-start=\"638\" data-end=\"641\" \/>\u2022 <strong data-start=\"643\" data-end=\"674\">Dise\u00f1o de alto lanzamiento:<\/strong> Favorece mayor distancia y control de la trayectoria, ayudando a los juniors a lograr un vuelo de bola \u00f3ptimo.<br data-start=\"785\" data-end=\"788\" \/>\u2022 <strong data-start=\"790\" data-end=\"826\">Distribuci\u00f3n de peso optimizada:<\/strong> Ofrece mejor equilibrio y estabilidad durante todo el swing.<br data-start=\"887\" data-end=\"890\" \/>\u2022 <strong data-start=\"892\" data-end=\"927\">Dise\u00f1o espec\u00edfico para juniors:<\/strong> Grip y varilla adaptados al tama\u00f1o y fuerza de los m\u00e1s j\u00f3venes.<br data-start=\"991\" data-end=\"994\" \/>\u2022 <strong data-start=\"996\" data-end=\"1038\">Disponible en versi\u00f3n diestro y zurdo:<\/strong> Adecuado para todos los golfistas junior, independientemente de su mano dominante.<\/p>\n<\/div>\n<\/div>\n<\/div>\n<\/div>\n<\/div>\n<\/div>\n<\/article>\n","protected":false},"excerpt":{"rendered":"<p>Dise\u00f1ados para j\u00f3venes golfistas, los <strong data-start=\"86\" data-end=\"107\">Junior Ai Hybrids<\/strong> ofrecen versatilidad, facilidad de uso y un mayor control para un juego con confianza.<\/p>\n<p><img decoding=\"async\" class=\"alignnone size-medium wp-image-1442\" src=\"https:\/\/www.palosdegolfpersonalizados.com\/wp-content\/uploads\/2025\/10\/Ventajas-Golf-300x49.png\" alt=\"\" width=\"300\" height=\"49\" srcset=\"https:\/\/www.palosdegolfpersonalizados.com\/wp-content\/uploads\/2025\/10\/Ventajas-Golf-300x49.png 300w, https:\/\/www.palosdegolfpersonalizados.com\/wp-content\/uploads\/2025\/10\/Ventajas-Golf-1024x167.png 1024w, https:\/\/www.palosdegolfpersonalizados.com\/wp-content\/uploads\/2025\/10\/Ventajas-Golf-768x125.png 768w, https:\/\/www.palosdegolfpersonalizados.com\/wp-content\/uploads\/2025\/10\/Ventajas-Golf-1536x251.png 1536w, https:\/\/www.palosdegolfpersonalizados.com\/wp-content\/uploads\/2025\/10\/Ventajas-Golf-2048x335.png 2048w, https:\/\/www.palosdegolfpersonalizados.com\/wp-content\/uploads\/2025\/10\/Ventajas-Golf-600x98.png 600w\" sizes=\"(max-width: 300px) 100vw, 300px\" \/><\/p>\n<p><img fetchpriority=\"high\" decoding=\"async\" class=\"alignnone size-medium wp-image-1441\" src=\"https:\/\/www.palosdegolfpersonalizados.com\/wp-content\/uploads\/2025\/10\/Etiqueta-nueva-min-3-1-300x200.png\" alt=\"\" width=\"300\" height=\"200\" \/><\/p>\n","protected":false},"featured_media":297,"comment_status":"closed","ping_status":"closed","template":"","meta":{"_joinchat":[]},"product_brand":[],"product_cat":[78,57,55],"product_tag":[104],"class_list":{"0":"post-460","1":"product","2":"type-product","3":"status-publish","4":"has-post-thumbnail","6":"product_cat-hibrido-4-golf-ninos","7":"product_cat-hibridos-golf-ninos","8":"product_cat-palos-de-golf-ninos","9":"product_tag-lynx-golf","11":"first","12":"instock","13":"shipping-taxable","14":"purchasable","15":"product-type-simple"},"yoast_head":"<!-- This site is optimized with the Yoast SEO plugin v27.2 - https:\/\/yoast.com\/product\/yoast-seo-wordpress\/ -->\n<title>H\u00edbrido 4 Ai Orange Junior 6-8 a\u00f1os (130cm \u2013 138cm) Lynx - Palos de Golf Personalizados<\/title>\n<meta name=\"description\" content=\"Ligero, f\u00e1cil de golpear y con m\u00e1xima tolerancia para mejorar distancia y precisi\u00f3n. Ideal para j\u00f3venes golfistas que quieren avanzar en su juego.\" \/>\n<meta name=\"robots\" content=\"index, follow, max-snippet:-1, max-image-preview:large, max-video-preview:-1\" \/>\n<link rel=\"canonical\" href=\"https:\/\/www.palosdegolfpersonalizados.com\/?product=hibrido-4-ai-orange-junior-precision-y-control-simplificados\" \/>\n<meta property=\"og:locale\" content=\"en_US\" \/>\n<meta property=\"og:type\" content=\"article\" \/>\n<meta property=\"og:title\" content=\"H\u00edbrido 4 Ai Orange Junior 6-8 a\u00f1os (130cm \u2013 138cm) Lynx - Palos de Golf Personalizados\" \/>\n<meta property=\"og:description\" content=\"Ligero, f\u00e1cil de golpear y con m\u00e1xima tolerancia para mejorar distancia y precisi\u00f3n. Ideal para j\u00f3venes golfistas que quieren avanzar en su juego.\" \/>\n<meta property=\"og:url\" content=\"https:\/\/www.palosdegolfpersonalizados.com\/?product=hibrido-4-ai-orange-junior-precision-y-control-simplificados\" \/>\n<meta property=\"og:site_name\" content=\"Palos de Golf Personalizados\" \/>\n<meta property=\"article:modified_time\" content=\"2025-11-11T12:37:14+00:00\" \/>\n<meta property=\"og:image\" content=\"https:\/\/www.palosdegolfpersonalizados.com\/wp-content\/uploads\/2025\/10\/Junior-Ai-Hybrids-Orange.jpg\" \/>\n\t<meta property=\"og:image:width\" content=\"800\" \/>\n\t<meta property=\"og:image:height\" content=\"800\" \/>\n\t<meta property=\"og:image:type\" content=\"image\/jpeg\" \/>\n<meta name=\"twitter:card\" content=\"summary_large_image\" \/>\n<meta name=\"twitter:label1\" content=\"Est. reading time\" \/>\n\t<meta name=\"twitter:data1\" content=\"1 minute\" \/>\n<script type=\"application\/ld+json\" class=\"yoast-schema-graph\">{\"@context\":\"https:\/\/schema.org\",\"@graph\":[{\"@type\":\"WebPage\",\"@id\":\"https:\/\/www.palosdegolfpersonalizados.com\/?product=hibrido-4-ai-orange-junior-precision-y-control-simplificados\",\"url\":\"https:\/\/www.palosdegolfpersonalizados.com\/?product=hibrido-4-ai-orange-junior-precision-y-control-simplificados\",\"name\":\"H\u00edbrido 4 Ai Orange Junior 6-8 a\u00f1os (130cm \u2013 138cm) Lynx - Palos de Golf Personalizados\",\"isPartOf\":{\"@id\":\"https:\/\/www.palosdegolfpersonalizados.com\/#website\"},\"primaryImageOfPage\":{\"@id\":\"https:\/\/www.palosdegolfpersonalizados.com\/?product=hibrido-4-ai-orange-junior-precision-y-control-simplificados#primaryimage\"},\"image\":{\"@id\":\"https:\/\/www.palosdegolfpersonalizados.com\/?product=hibrido-4-ai-orange-junior-precision-y-control-simplificados#primaryimage\"},\"thumbnailUrl\":\"https:\/\/www.palosdegolfpersonalizados.com\/wp-content\/uploads\/2025\/10\/Junior-Ai-Hybrids-Orange.jpg\",\"datePublished\":\"2025-10-07T10:11:48+00:00\",\"dateModified\":\"2025-11-11T12:37:14+00:00\",\"description\":\"Ligero, f\u00e1cil de golpear y con m\u00e1xima tolerancia para mejorar distancia y precisi\u00f3n. Ideal para j\u00f3venes golfistas que quieren avanzar en su juego.\",\"breadcrumb\":{\"@id\":\"https:\/\/www.palosdegolfpersonalizados.com\/?product=hibrido-4-ai-orange-junior-precision-y-control-simplificados#breadcrumb\"},\"inLanguage\":\"en-US\",\"potentialAction\":[{\"@type\":\"ReadAction\",\"target\":[\"https:\/\/www.palosdegolfpersonalizados.com\/?product=hibrido-4-ai-orange-junior-precision-y-control-simplificados\"]}]},{\"@type\":\"ImageObject\",\"inLanguage\":\"en-US\",\"@id\":\"https:\/\/www.palosdegolfpersonalizados.com\/?product=hibrido-4-ai-orange-junior-precision-y-control-simplificados#primaryimage\",\"url\":\"https:\/\/www.palosdegolfpersonalizados.com\/wp-content\/uploads\/2025\/10\/Junior-Ai-Hybrids-Orange.jpg\",\"contentUrl\":\"https:\/\/www.palosdegolfpersonalizados.com\/wp-content\/uploads\/2025\/10\/Junior-Ai-Hybrids-Orange.jpg\",\"width\":800,\"height\":800,\"caption\":\"H\u00edbrido Lynx Ai Orange para ni\u00f1os golfistas, f\u00e1cil de usar y preciso.\"},{\"@type\":\"BreadcrumbList\",\"@id\":\"https:\/\/www.palosdegolfpersonalizados.com\/?product=hibrido-4-ai-orange-junior-precision-y-control-simplificados#breadcrumb\",\"itemListElement\":[{\"@type\":\"ListItem\",\"position\":1,\"name\":\"Portada\",\"item\":\"https:\/\/www.palosdegolfpersonalizados.com\/\"},{\"@type\":\"ListItem\",\"position\":2,\"name\":\"Tienda de Golf\",\"item\":\"https:\/\/www.palosdegolfpersonalizados.com\/?page_id=8\"},{\"@type\":\"ListItem\",\"position\":3,\"name\":\"H\u00edbrido 4 Ai Orange Junior 6-8 a\u00f1os (130cm \u2013 138cm) Lynx\"}]},{\"@type\":\"WebSite\",\"@id\":\"https:\/\/www.palosdegolfpersonalizados.com\/#website\",\"url\":\"https:\/\/www.palosdegolfpersonalizados.com\/\",\"name\":\"Palos de Golf Personalizados\",\"description\":\"Palos de Golf Personalizados\",\"publisher\":{\"@id\":\"https:\/\/www.palosdegolfpersonalizados.com\/#organization\"},\"potentialAction\":[{\"@type\":\"SearchAction\",\"target\":{\"@type\":\"EntryPoint\",\"urlTemplate\":\"https:\/\/www.palosdegolfpersonalizados.com\/?s={search_term_string}\"},\"query-input\":{\"@type\":\"PropertyValueSpecification\",\"valueRequired\":true,\"valueName\":\"search_term_string\"}}],\"inLanguage\":\"en-US\"},{\"@type\":\"Organization\",\"@id\":\"https:\/\/www.palosdegolfpersonalizados.com\/#organization\",\"name\":\"Palos de Golf Personalizados\",\"url\":\"https:\/\/www.palosdegolfpersonalizados.com\/\",\"logo\":{\"@type\":\"ImageObject\",\"inLanguage\":\"en-US\",\"@id\":\"https:\/\/www.palosdegolfpersonalizados.com\/#\/schema\/logo\/image\/\",\"url\":\"https:\/\/www.palosdegolfpersonalizados.com\/wp-content\/uploads\/2025\/10\/Logo-Palos-Personalizados-1.png\",\"contentUrl\":\"https:\/\/www.palosdegolfpersonalizados.com\/wp-content\/uploads\/2025\/10\/Logo-Palos-Personalizados-1.png\",\"width\":443,\"height\":163,\"caption\":\"Palos de Golf Personalizados\"},\"image\":{\"@id\":\"https:\/\/www.palosdegolfpersonalizados.com\/#\/schema\/logo\/image\/\"}}]}<\/script>\n<!-- \/ Yoast SEO plugin. -->","yoast_head_json":{"title":"H\u00edbrido 4 Ai Orange Junior 6-8 a\u00f1os (130cm \u2013 138cm) Lynx - Palos de Golf Personalizados","description":"Ligero, f\u00e1cil de golpear y con m\u00e1xima tolerancia para mejorar distancia y precisi\u00f3n. Ideal para j\u00f3venes golfistas que quieren avanzar en su juego.","robots":{"index":"index","follow":"follow","max-snippet":"max-snippet:-1","max-image-preview":"max-image-preview:large","max-video-preview":"max-video-preview:-1"},"canonical":"https:\/\/www.palosdegolfpersonalizados.com\/?product=hibrido-4-ai-orange-junior-precision-y-control-simplificados","og_locale":"en_US","og_type":"article","og_title":"H\u00edbrido 4 Ai Orange Junior 6-8 a\u00f1os (130cm \u2013 138cm) Lynx - Palos de Golf Personalizados","og_description":"Ligero, f\u00e1cil de golpear y con m\u00e1xima tolerancia para mejorar distancia y precisi\u00f3n. Ideal para j\u00f3venes golfistas que quieren avanzar en su juego.","og_url":"https:\/\/www.palosdegolfpersonalizados.com\/?product=hibrido-4-ai-orange-junior-precision-y-control-simplificados","og_site_name":"Palos de Golf Personalizados","article_modified_time":"2025-11-11T12:37:14+00:00","og_image":[{"width":800,"height":800,"url":"https:\/\/www.palosdegolfpersonalizados.com\/wp-content\/uploads\/2025\/10\/Junior-Ai-Hybrids-Orange.jpg","type":"image\/jpeg"}],"twitter_card":"summary_large_image","twitter_misc":{"Est. reading time":"1 minute"},"schema":{"@context":"https:\/\/schema.org","@graph":[{"@type":"WebPage","@id":"https:\/\/www.palosdegolfpersonalizados.com\/?product=hibrido-4-ai-orange-junior-precision-y-control-simplificados","url":"https:\/\/www.palosdegolfpersonalizados.com\/?product=hibrido-4-ai-orange-junior-precision-y-control-simplificados","name":"H\u00edbrido 4 Ai Orange Junior 6-8 a\u00f1os (130cm \u2013 138cm) Lynx - Palos de Golf Personalizados","isPartOf":{"@id":"https:\/\/www.palosdegolfpersonalizados.com\/#website"},"primaryImageOfPage":{"@id":"https:\/\/www.palosdegolfpersonalizados.com\/?product=hibrido-4-ai-orange-junior-precision-y-control-simplificados#primaryimage"},"image":{"@id":"https:\/\/www.palosdegolfpersonalizados.com\/?product=hibrido-4-ai-orange-junior-precision-y-control-simplificados#primaryimage"},"thumbnailUrl":"https:\/\/www.palosdegolfpersonalizados.com\/wp-content\/uploads\/2025\/10\/Junior-Ai-Hybrids-Orange.jpg","datePublished":"2025-10-07T10:11:48+00:00","dateModified":"2025-11-11T12:37:14+00:00","description":"Ligero, f\u00e1cil de golpear y con m\u00e1xima tolerancia para mejorar distancia y precisi\u00f3n. Ideal para j\u00f3venes golfistas que quieren avanzar en su juego.","breadcrumb":{"@id":"https:\/\/www.palosdegolfpersonalizados.com\/?product=hibrido-4-ai-orange-junior-precision-y-control-simplificados#breadcrumb"},"inLanguage":"en-US","potentialAction":[{"@type":"ReadAction","target":["https:\/\/www.palosdegolfpersonalizados.com\/?product=hibrido-4-ai-orange-junior-precision-y-control-simplificados"]}]},{"@type":"ImageObject","inLanguage":"en-US","@id":"https:\/\/www.palosdegolfpersonalizados.com\/?product=hibrido-4-ai-orange-junior-precision-y-control-simplificados#primaryimage","url":"https:\/\/www.palosdegolfpersonalizados.com\/wp-content\/uploads\/2025\/10\/Junior-Ai-Hybrids-Orange.jpg","contentUrl":"https:\/\/www.palosdegolfpersonalizados.com\/wp-content\/uploads\/2025\/10\/Junior-Ai-Hybrids-Orange.jpg","width":800,"height":800,"caption":"H\u00edbrido Lynx Ai Orange para ni\u00f1os golfistas, f\u00e1cil de usar y preciso."},{"@type":"BreadcrumbList","@id":"https:\/\/www.palosdegolfpersonalizados.com\/?product=hibrido-4-ai-orange-junior-precision-y-control-simplificados#breadcrumb","itemListElement":[{"@type":"ListItem","position":1,"name":"Portada","item":"https:\/\/www.palosdegolfpersonalizados.com\/"},{"@type":"ListItem","position":2,"name":"Tienda de Golf","item":"https:\/\/www.palosdegolfpersonalizados.com\/?page_id=8"},{"@type":"ListItem","position":3,"name":"H\u00edbrido 4 Ai Orange Junior 6-8 a\u00f1os (130cm \u2013 138cm) Lynx"}]},{"@type":"WebSite","@id":"https:\/\/www.palosdegolfpersonalizados.com\/#website","url":"https:\/\/www.palosdegolfpersonalizados.com\/","name":"Palos de Golf Personalizados","description":"Palos de Golf Personalizados","publisher":{"@id":"https:\/\/www.palosdegolfpersonalizados.com\/#organization"},"potentialAction":[{"@type":"SearchAction","target":{"@type":"EntryPoint","urlTemplate":"https:\/\/www.palosdegolfpersonalizados.com\/?s={search_term_string}"},"query-input":{"@type":"PropertyValueSpecification","valueRequired":true,"valueName":"search_term_string"}}],"inLanguage":"en-US"},{"@type":"Organization","@id":"https:\/\/www.palosdegolfpersonalizados.com\/#organization","name":"Palos de Golf Personalizados","url":"https:\/\/www.palosdegolfpersonalizados.com\/","logo":{"@type":"ImageObject","inLanguage":"en-US","@id":"https:\/\/www.palosdegolfpersonalizados.com\/#\/schema\/logo\/image\/","url":"https:\/\/www.palosdegolfpersonalizados.com\/wp-content\/uploads\/2025\/10\/Logo-Palos-Personalizados-1.png","contentUrl":"https:\/\/www.palosdegolfpersonalizados.com\/wp-content\/uploads\/2025\/10\/Logo-Palos-Personalizados-1.png","width":443,"height":163,"caption":"Palos de Golf Personalizados"},"image":{"@id":"https:\/\/www.palosdegolfpersonalizados.com\/#\/schema\/logo\/image\/"}}]}},"_links":{"self":[{"href":"https:\/\/www.palosdegolfpersonalizados.com\/index.php?rest_route=\/wp\/v2\/product\/460","targetHints":{"allow":["GET"]}}],"collection":[{"href":"https:\/\/www.palosdegolfpersonalizados.com\/index.php?rest_route=\/wp\/v2\/product"}],"about":[{"href":"https:\/\/www.palosdegolfpersonalizados.com\/index.php?rest_route=\/wp\/v2\/types\/product"}],"replies":[{"embeddable":true,"href":"https:\/\/www.palosdegolfpersonalizados.com\/index.php?rest_route=%2Fwp%2Fv2%2Fcomments&post=460"}],"wp:featuredmedia":[{"embeddable":true,"href":"https:\/\/www.palosdegolfpersonalizados.com\/index.php?rest_route=\/wp\/v2\/media\/297"}],"wp:attachment":[{"href":"https:\/\/www.palosdegolfpersonalizados.com\/index.php?rest_route=%2Fwp%2Fv2%2Fmedia&parent=460"}],"wp:term":[{"taxonomy":"product_brand","embeddable":true,"href":"https:\/\/www.palosdegolfpersonalizados.com\/index.php?rest_route=%2Fwp%2Fv2%2Fproduct_brand&post=460"},{"taxonomy":"product_cat","embeddable":true,"href":"https:\/\/www.palosdegolfpersonalizados.com\/index.php?rest_route=%2Fwp%2Fv2%2Fproduct_cat&post=460"},{"taxonomy":"product_tag","embeddable":true,"href":"https:\/\/www.palosdegolfpersonalizados.com\/index.php?rest_route=%2Fwp%2Fv2%2Fproduct_tag&post=460"}],"curies":[{"name":"wp","href":"https:\/\/api.w.org\/{rel}","templated":true}]}}