{"id":85,"date":"2025-10-02T11:42:03","date_gmt":"2025-10-02T11:42:03","guid":{"rendered":"https:\/\/www.palosdegolfpersonalizados.com\/?post_type=product&#038;p=85"},"modified":"2025-11-13T13:20:41","modified_gmt":"2025-11-13T13:20:41","slug":"putter-de-golf-bb1-rh-bettinardi","status":"publish","type":"product","link":"https:\/\/www.palosdegolfpersonalizados.com\/?product=putter-de-golf-bb1-rh-bettinardi","title":{"rendered":"Putter BB1 RH Bettinardi"},"content":{"rendered":"<h3 data-start=\"341\" data-end=\"719\">Descubre el futuro del golf con el Putter BB1 RH Bettinardi<\/h3>\n<p data-start=\"900\" data-end=\"1220\"><strong data-start=\"900\" data-end=\"941\">DESPLAZAMIENTO DEL CENTRO DE GRAVEDAD<\/strong><br data-start=\"941\" data-end=\"944\" \/>Al redise\u00f1ar los parachoques y los hombros, el centro de gravedad se alinea de manera m\u00e1s natural en la posici\u00f3n de direcci\u00f3n. Este COG mejorado establece una distribuci\u00f3n de peso m\u00e1s uniforme, asegurando el contacto con el punto \u00f3ptimo para lograr un rodamiento m\u00e1s limpio.<\/p>\n<p data-start=\"1222\" data-end=\"1648\"><strong data-start=\"1222\" data-end=\"1259\">FRESADO DE CARA PERPETUAL FLYMILL<\/strong><br data-start=\"1259\" data-end=\"1262\" \/>Redefiniendo la precisi\u00f3n en el putting, la tecnolog\u00eda de fresado de cara Perpetual Flymill de Bettinardi ahora se ve potenciada por una precisi\u00f3n sonora. Esta innovadora tecnolog\u00eda ofrece un rodamiento constante, garantizando que los putts comiencen de forma recta y en l\u00ednea con el objetivo. Cada golpe produce un tono distintivo que brinda retroalimentaci\u00f3n instant\u00e1nea al jugador.<\/p>\n<p data-start=\"1650\" data-end=\"1963\"><strong data-start=\"1650\" data-end=\"1677\">ACABADO BLACK PEARL PVD<\/strong><br data-start=\"1677\" data-end=\"1680\" \/>El profundo y lujoso tono negro del acabado Black Pearl PVD no solo irradia sofisticaci\u00f3n, sino que tambi\u00e9n aporta un plus de confianza al colocarse sobre la bola. M\u00e1s all\u00e1 de su apariencia llamativa, el recubrimiento PVD es altamente resistente al desgaste, rayaduras y corrosi\u00f3n.<\/p>\n<p data-start=\"1965\" data-end=\"2260\"><strong data-start=\"1965\" data-end=\"1989\">ACERO INOXIDABLE 303<\/strong><br data-start=\"1989\" data-end=\"1992\" \/>Cada putter de la serie BB est\u00e1 fresado en una sola pieza de acero inoxidable 303, el mismo material preferido por el equipo Bettinardi Tour en todo el mundo. Este metal ofrece un putter m\u00e1s duradero, receptivo y con una sensaci\u00f3n s\u00f3lida para un rendimiento supremo.<\/p>\n<p data-start=\"2262\" data-end=\"2482\"><strong data-start=\"2262\" data-end=\"2285\">COMPONENTES PREMIUM<\/strong><br data-start=\"2285\" data-end=\"2288\" \/>Cada putter de la serie BB se acompa\u00f1a con un shaft Black PVD Tour Grade, un grip Lamkin personalizado en azul el\u00e9ctrico, y una funda magn\u00e9tica BB Series fabricada en cuero y fibra de carbono.<\/p>\n","protected":false},"excerpt":{"rendered":"<p>Bas\u00e1ndose en a\u00f1os de artesan\u00eda estadounidense, Robert J. Bettinardi ha perfeccionado su atemporal putter BB1 para mejorar a\u00fan m\u00e1s su rendimiento. Fabricado en EE. UU. a partir de un \u00fanico bloque de acero inoxidable 303, la cavidad del nuevo BB1 ha sido fresada un poco m\u00e1s cerca del tal\u00f3n, lo que da como resultado un centro de gravedad m\u00e1s equilibrado. Fresado con precisi\u00f3n a 352 gramos, con una l\u00ednea superior curva y parachoques y hombros renovados, este putter brinda a los jugadores una \u00f3ptica perfecta en la posici\u00f3n de direcci\u00f3n. Nuestro nuevo fresado de cara <strong data-start=\"614\" data-end=\"635\">Perpetual Flymill<\/strong> ofrece una sensaci\u00f3n y retroalimentaci\u00f3n sonora excepcionales, adem\u00e1s de un rodamiento verdadero y f\u00e1cil de conseguir en el green. Tras d\u00e9cadas de innovaci\u00f3n sobre un dise\u00f1o cl\u00e1sico, el BB1 es la maestr\u00eda moderna de RJB sobre una tradicional cabeza tipo blade.<\/p>\n<p><img decoding=\"async\" class=\"alignnone size-medium wp-image-1442\" src=\"https:\/\/www.palosdegolfpersonalizados.com\/wp-content\/uploads\/2025\/10\/Ventajas-Golf-300x49.png\" alt=\"\" width=\"300\" height=\"49\" srcset=\"https:\/\/www.palosdegolfpersonalizados.com\/wp-content\/uploads\/2025\/10\/Ventajas-Golf-300x49.png 300w, https:\/\/www.palosdegolfpersonalizados.com\/wp-content\/uploads\/2025\/10\/Ventajas-Golf-1024x167.png 1024w, https:\/\/www.palosdegolfpersonalizados.com\/wp-content\/uploads\/2025\/10\/Ventajas-Golf-768x125.png 768w, https:\/\/www.palosdegolfpersonalizados.com\/wp-content\/uploads\/2025\/10\/Ventajas-Golf-1536x251.png 1536w, https:\/\/www.palosdegolfpersonalizados.com\/wp-content\/uploads\/2025\/10\/Ventajas-Golf-2048x335.png 2048w, https:\/\/www.palosdegolfpersonalizados.com\/wp-content\/uploads\/2025\/10\/Ventajas-Golf-600x98.png 600w\" sizes=\"(max-width: 300px) 100vw, 300px\" \/><\/p>\n<p><img fetchpriority=\"high\" decoding=\"async\" class=\"alignnone size-medium wp-image-1441\" src=\"https:\/\/www.palosdegolfpersonalizados.com\/wp-content\/uploads\/2025\/10\/Etiqueta-nueva-min-3-1-300x200.png\" alt=\"\" width=\"300\" height=\"200\" \/><\/p>\n","protected":false},"featured_media":88,"comment_status":"closed","ping_status":"closed","template":"","meta":{"_joinchat":[]},"product_brand":[],"product_cat":[17,35,23,41],"product_tag":[100],"class_list":{"0":"post-85","1":"product","2":"type-product","3":"status-publish","4":"has-post-thumbnail","6":"product_cat-palos-de-golf-hombre","7":"product_cat-palos-de-golf-mujer","8":"product_cat-putter-golf-hombre","9":"product_cat-putter-golf-mujer","10":"product_tag-bettinardi-golf","12":"first","13":"instock","14":"shipping-taxable","15":"purchasable","16":"product-type-simple"},"yoast_head":"<!-- This site is optimized with the Yoast SEO plugin v27.2 - https:\/\/yoast.com\/product\/yoast-seo-wordpress\/ -->\n<title>Putter BB1 RH Bettinardi - Palos de Golf Personalizados<\/title>\n<meta name=\"description\" content=\"Putter BB1 RH Bettinardi, este palo de golf cuenta con un estilo cl\u00e1sico y tacto profesional. Excelente control en cada putt.\" \/>\n<meta name=\"robots\" content=\"index, follow, max-snippet:-1, max-image-preview:large, max-video-preview:-1\" \/>\n<link rel=\"canonical\" href=\"https:\/\/www.palosdegolfpersonalizados.com\/?product=putter-de-golf-bb1-rh-bettinardi\" \/>\n<meta property=\"og:locale\" content=\"en_US\" \/>\n<meta property=\"og:type\" content=\"article\" \/>\n<meta property=\"og:title\" content=\"Putter BB1 RH Bettinardi - Palos de Golf Personalizados\" \/>\n<meta property=\"og:description\" content=\"Putter BB1 RH Bettinardi, este palo de golf cuenta con un estilo cl\u00e1sico y tacto profesional. Excelente control en cada putt.\" \/>\n<meta property=\"og:url\" content=\"https:\/\/www.palosdegolfpersonalizados.com\/?product=putter-de-golf-bb1-rh-bettinardi\" \/>\n<meta property=\"og:site_name\" content=\"Palos de Golf Personalizados\" \/>\n<meta property=\"article:modified_time\" content=\"2025-11-13T13:20:41+00:00\" \/>\n<meta property=\"og:image\" content=\"https:\/\/www.palosdegolfpersonalizados.com\/wp-content\/uploads\/2025\/10\/24-BB1-FACE_120x.webp\" \/>\n\t<meta property=\"og:image:width\" content=\"120\" \/>\n\t<meta property=\"og:image:height\" content=\"120\" \/>\n\t<meta property=\"og:image:type\" content=\"image\/webp\" \/>\n<meta name=\"twitter:card\" content=\"summary_large_image\" \/>\n<meta name=\"twitter:label1\" content=\"Est. reading time\" \/>\n\t<meta name=\"twitter:data1\" content=\"2 minutes\" \/>\n<script type=\"application\/ld+json\" class=\"yoast-schema-graph\">{\"@context\":\"https:\/\/schema.org\",\"@graph\":[{\"@type\":\"WebPage\",\"@id\":\"https:\/\/www.palosdegolfpersonalizados.com\/?product=putter-de-golf-bb1-rh-bettinardi\",\"url\":\"https:\/\/www.palosdegolfpersonalizados.com\/?product=putter-de-golf-bb1-rh-bettinardi\",\"name\":\"Putter BB1 RH Bettinardi - Palos de Golf Personalizados\",\"isPartOf\":{\"@id\":\"https:\/\/www.palosdegolfpersonalizados.com\/#website\"},\"primaryImageOfPage\":{\"@id\":\"https:\/\/www.palosdegolfpersonalizados.com\/?product=putter-de-golf-bb1-rh-bettinardi#primaryimage\"},\"image\":{\"@id\":\"https:\/\/www.palosdegolfpersonalizados.com\/?product=putter-de-golf-bb1-rh-bettinardi#primaryimage\"},\"thumbnailUrl\":\"https:\/\/www.palosdegolfpersonalizados.com\/wp-content\/uploads\/2025\/10\/24-BB1-FACE_120x.webp\",\"datePublished\":\"2025-10-02T11:42:03+00:00\",\"dateModified\":\"2025-11-13T13:20:41+00:00\",\"description\":\"Putter BB1 RH Bettinardi, este palo de golf cuenta con un estilo cl\u00e1sico y tacto profesional. Excelente control en cada putt.\",\"breadcrumb\":{\"@id\":\"https:\/\/www.palosdegolfpersonalizados.com\/?product=putter-de-golf-bb1-rh-bettinardi#breadcrumb\"},\"inLanguage\":\"en-US\",\"potentialAction\":[{\"@type\":\"ReadAction\",\"target\":[\"https:\/\/www.palosdegolfpersonalizados.com\/?product=putter-de-golf-bb1-rh-bettinardi\"]}]},{\"@type\":\"ImageObject\",\"inLanguage\":\"en-US\",\"@id\":\"https:\/\/www.palosdegolfpersonalizados.com\/?product=putter-de-golf-bb1-rh-bettinardi#primaryimage\",\"url\":\"https:\/\/www.palosdegolfpersonalizados.com\/wp-content\/uploads\/2025\/10\/24-BB1-FACE_120x.webp\",\"contentUrl\":\"https:\/\/www.palosdegolfpersonalizados.com\/wp-content\/uploads\/2025\/10\/24-BB1-FACE_120x.webp\",\"width\":120,\"height\":120,\"caption\":\"Putter BB1 RH Bettinardi cl\u00e1sico.\"},{\"@type\":\"BreadcrumbList\",\"@id\":\"https:\/\/www.palosdegolfpersonalizados.com\/?product=putter-de-golf-bb1-rh-bettinardi#breadcrumb\",\"itemListElement\":[{\"@type\":\"ListItem\",\"position\":1,\"name\":\"Portada\",\"item\":\"https:\/\/www.palosdegolfpersonalizados.com\/\"},{\"@type\":\"ListItem\",\"position\":2,\"name\":\"Tienda de Golf\",\"item\":\"https:\/\/www.palosdegolfpersonalizados.com\/?page_id=8\"},{\"@type\":\"ListItem\",\"position\":3,\"name\":\"Putter BB1 RH Bettinardi\"}]},{\"@type\":\"WebSite\",\"@id\":\"https:\/\/www.palosdegolfpersonalizados.com\/#website\",\"url\":\"https:\/\/www.palosdegolfpersonalizados.com\/\",\"name\":\"Palos de Golf Personalizados\",\"description\":\"Palos de Golf Personalizados\",\"publisher\":{\"@id\":\"https:\/\/www.palosdegolfpersonalizados.com\/#organization\"},\"potentialAction\":[{\"@type\":\"SearchAction\",\"target\":{\"@type\":\"EntryPoint\",\"urlTemplate\":\"https:\/\/www.palosdegolfpersonalizados.com\/?s={search_term_string}\"},\"query-input\":{\"@type\":\"PropertyValueSpecification\",\"valueRequired\":true,\"valueName\":\"search_term_string\"}}],\"inLanguage\":\"en-US\"},{\"@type\":\"Organization\",\"@id\":\"https:\/\/www.palosdegolfpersonalizados.com\/#organization\",\"name\":\"Palos de Golf Personalizados\",\"url\":\"https:\/\/www.palosdegolfpersonalizados.com\/\",\"logo\":{\"@type\":\"ImageObject\",\"inLanguage\":\"en-US\",\"@id\":\"https:\/\/www.palosdegolfpersonalizados.com\/#\/schema\/logo\/image\/\",\"url\":\"https:\/\/www.palosdegolfpersonalizados.com\/wp-content\/uploads\/2025\/10\/Logo-Palos-Personalizados-1.png\",\"contentUrl\":\"https:\/\/www.palosdegolfpersonalizados.com\/wp-content\/uploads\/2025\/10\/Logo-Palos-Personalizados-1.png\",\"width\":443,\"height\":163,\"caption\":\"Palos de Golf Personalizados\"},\"image\":{\"@id\":\"https:\/\/www.palosdegolfpersonalizados.com\/#\/schema\/logo\/image\/\"}}]}<\/script>\n<!-- \/ Yoast SEO plugin. -->","yoast_head_json":{"title":"Putter BB1 RH Bettinardi - Palos de Golf Personalizados","description":"Putter BB1 RH Bettinardi, este palo de golf cuenta con un estilo cl\u00e1sico y tacto profesional. Excelente control en cada putt.","robots":{"index":"index","follow":"follow","max-snippet":"max-snippet:-1","max-image-preview":"max-image-preview:large","max-video-preview":"max-video-preview:-1"},"canonical":"https:\/\/www.palosdegolfpersonalizados.com\/?product=putter-de-golf-bb1-rh-bettinardi","og_locale":"en_US","og_type":"article","og_title":"Putter BB1 RH Bettinardi - Palos de Golf Personalizados","og_description":"Putter BB1 RH Bettinardi, este palo de golf cuenta con un estilo cl\u00e1sico y tacto profesional. Excelente control en cada putt.","og_url":"https:\/\/www.palosdegolfpersonalizados.com\/?product=putter-de-golf-bb1-rh-bettinardi","og_site_name":"Palos de Golf Personalizados","article_modified_time":"2025-11-13T13:20:41+00:00","og_image":[{"width":120,"height":120,"url":"https:\/\/www.palosdegolfpersonalizados.com\/wp-content\/uploads\/2025\/10\/24-BB1-FACE_120x.webp","type":"image\/webp"}],"twitter_card":"summary_large_image","twitter_misc":{"Est. reading time":"2 minutes"},"schema":{"@context":"https:\/\/schema.org","@graph":[{"@type":"WebPage","@id":"https:\/\/www.palosdegolfpersonalizados.com\/?product=putter-de-golf-bb1-rh-bettinardi","url":"https:\/\/www.palosdegolfpersonalizados.com\/?product=putter-de-golf-bb1-rh-bettinardi","name":"Putter BB1 RH Bettinardi - Palos de Golf Personalizados","isPartOf":{"@id":"https:\/\/www.palosdegolfpersonalizados.com\/#website"},"primaryImageOfPage":{"@id":"https:\/\/www.palosdegolfpersonalizados.com\/?product=putter-de-golf-bb1-rh-bettinardi#primaryimage"},"image":{"@id":"https:\/\/www.palosdegolfpersonalizados.com\/?product=putter-de-golf-bb1-rh-bettinardi#primaryimage"},"thumbnailUrl":"https:\/\/www.palosdegolfpersonalizados.com\/wp-content\/uploads\/2025\/10\/24-BB1-FACE_120x.webp","datePublished":"2025-10-02T11:42:03+00:00","dateModified":"2025-11-13T13:20:41+00:00","description":"Putter BB1 RH Bettinardi, este palo de golf cuenta con un estilo cl\u00e1sico y tacto profesional. Excelente control en cada putt.","breadcrumb":{"@id":"https:\/\/www.palosdegolfpersonalizados.com\/?product=putter-de-golf-bb1-rh-bettinardi#breadcrumb"},"inLanguage":"en-US","potentialAction":[{"@type":"ReadAction","target":["https:\/\/www.palosdegolfpersonalizados.com\/?product=putter-de-golf-bb1-rh-bettinardi"]}]},{"@type":"ImageObject","inLanguage":"en-US","@id":"https:\/\/www.palosdegolfpersonalizados.com\/?product=putter-de-golf-bb1-rh-bettinardi#primaryimage","url":"https:\/\/www.palosdegolfpersonalizados.com\/wp-content\/uploads\/2025\/10\/24-BB1-FACE_120x.webp","contentUrl":"https:\/\/www.palosdegolfpersonalizados.com\/wp-content\/uploads\/2025\/10\/24-BB1-FACE_120x.webp","width":120,"height":120,"caption":"Putter BB1 RH Bettinardi cl\u00e1sico."},{"@type":"BreadcrumbList","@id":"https:\/\/www.palosdegolfpersonalizados.com\/?product=putter-de-golf-bb1-rh-bettinardi#breadcrumb","itemListElement":[{"@type":"ListItem","position":1,"name":"Portada","item":"https:\/\/www.palosdegolfpersonalizados.com\/"},{"@type":"ListItem","position":2,"name":"Tienda de Golf","item":"https:\/\/www.palosdegolfpersonalizados.com\/?page_id=8"},{"@type":"ListItem","position":3,"name":"Putter BB1 RH Bettinardi"}]},{"@type":"WebSite","@id":"https:\/\/www.palosdegolfpersonalizados.com\/#website","url":"https:\/\/www.palosdegolfpersonalizados.com\/","name":"Palos de Golf Personalizados","description":"Palos de Golf Personalizados","publisher":{"@id":"https:\/\/www.palosdegolfpersonalizados.com\/#organization"},"potentialAction":[{"@type":"SearchAction","target":{"@type":"EntryPoint","urlTemplate":"https:\/\/www.palosdegolfpersonalizados.com\/?s={search_term_string}"},"query-input":{"@type":"PropertyValueSpecification","valueRequired":true,"valueName":"search_term_string"}}],"inLanguage":"en-US"},{"@type":"Organization","@id":"https:\/\/www.palosdegolfpersonalizados.com\/#organization","name":"Palos de Golf Personalizados","url":"https:\/\/www.palosdegolfpersonalizados.com\/","logo":{"@type":"ImageObject","inLanguage":"en-US","@id":"https:\/\/www.palosdegolfpersonalizados.com\/#\/schema\/logo\/image\/","url":"https:\/\/www.palosdegolfpersonalizados.com\/wp-content\/uploads\/2025\/10\/Logo-Palos-Personalizados-1.png","contentUrl":"https:\/\/www.palosdegolfpersonalizados.com\/wp-content\/uploads\/2025\/10\/Logo-Palos-Personalizados-1.png","width":443,"height":163,"caption":"Palos de Golf Personalizados"},"image":{"@id":"https:\/\/www.palosdegolfpersonalizados.com\/#\/schema\/logo\/image\/"}}]}},"_links":{"self":[{"href":"https:\/\/www.palosdegolfpersonalizados.com\/index.php?rest_route=\/wp\/v2\/product\/85","targetHints":{"allow":["GET"]}}],"collection":[{"href":"https:\/\/www.palosdegolfpersonalizados.com\/index.php?rest_route=\/wp\/v2\/product"}],"about":[{"href":"https:\/\/www.palosdegolfpersonalizados.com\/index.php?rest_route=\/wp\/v2\/types\/product"}],"replies":[{"embeddable":true,"href":"https:\/\/www.palosdegolfpersonalizados.com\/index.php?rest_route=%2Fwp%2Fv2%2Fcomments&post=85"}],"wp:featuredmedia":[{"embeddable":true,"href":"https:\/\/www.palosdegolfpersonalizados.com\/index.php?rest_route=\/wp\/v2\/media\/88"}],"wp:attachment":[{"href":"https:\/\/www.palosdegolfpersonalizados.com\/index.php?rest_route=%2Fwp%2Fv2%2Fmedia&parent=85"}],"wp:term":[{"taxonomy":"product_brand","embeddable":true,"href":"https:\/\/www.palosdegolfpersonalizados.com\/index.php?rest_route=%2Fwp%2Fv2%2Fproduct_brand&post=85"},{"taxonomy":"product_cat","embeddable":true,"href":"https:\/\/www.palosdegolfpersonalizados.com\/index.php?rest_route=%2Fwp%2Fv2%2Fproduct_cat&post=85"},{"taxonomy":"product_tag","embeddable":true,"href":"https:\/\/www.palosdegolfpersonalizados.com\/index.php?rest_route=%2Fwp%2Fv2%2Fproduct_tag&post=85"}],"curies":[{"name":"wp","href":"https:\/\/api.w.org\/{rel}","templated":true}]}}